{"version":"1.0","provider_name":"Ecole","provider_url":"https:\/\/www.hall32.fr\/ecole","author_name":"mmartin","author_url":"https:\/\/www.hall32.fr\/ecole\/author\/mmartin\/","title":"Lors de l'entretien de motivation, qu'allons-nous aborder ? - Ecole","type":"rich","width":600,"height":338,"html":"<blockquote class=\"wp-embedded-content\" data-secret=\"Ye4wYzDEHK\"><a href=\"https:\/\/www.hall32.fr\/ecole\/faq\/lors-de-lentretien-de-motivation-quallons-nous-aborder\/\">Lors de l&rsquo;entretien de motivation, qu&rsquo;allons-nous aborder ?<\/a><\/blockquote><iframe sandbox=\"allow-scripts\" security=\"restricted\" src=\"https:\/\/www.hall32.fr\/ecole\/faq\/lors-de-lentretien-de-motivation-quallons-nous-aborder\/embed\/#?secret=Ye4wYzDEHK\" width=\"600\" height=\"338\" title=\"\u00ab\u00a0Lors de l&rsquo;entretien de motivation, qu&rsquo;allons-nous aborder ?\u00a0\u00bb &#8212; Ecole\" data-secret=\"Ye4wYzDEHK\" frameborder=\"0\" marginwidth=\"0\" marginheight=\"0\" scrolling=\"no\" class=\"wp-embedded-content\"><\/iframe><script type=\"text\/javascript\">\n\/* <![CDATA[ *\/\n\/*! This file is auto-generated *\/\n!function(d,l){\"use strict\";l.querySelector&&d.addEventListener&&\"undefined\"!=typeof URL&&(d.wp=d.wp||{},d.wp.receiveEmbedMessage||(d.wp.receiveEmbedMessage=function(e){var t=e.data;if((t||t.secret||t.message||t.value)&&!\/[^a-zA-Z0-9]\/.test(t.secret)){for(var s,r,n,a=l.querySelectorAll('iframe[data-secret=\"'+t.secret+'\"]'),o=l.querySelectorAll('blockquote[data-secret=\"'+t.secret+'\"]'),c=new RegExp(\"^https?:$\",\"i\"),i=0;i<o.length;i++)o[i].style.display=\"none\";for(i=0;i<a.length;i++)s=a[i],e.source===s.contentWindow&&(s.removeAttribute(\"style\"),\"height\"===t.message?(1e3<(r=parseInt(t.value,10))?r=1e3:~~r<200&&(r=200),s.height=r):\"link\"===t.message&&(r=new URL(s.getAttribute(\"src\")),n=new URL(t.value),c.test(n.protocol))&&n.host===r.host&&l.activeElement===s&&(d.top.location.href=t.value))}},d.addEventListener(\"message\",d.wp.receiveEmbedMessage,!1),l.addEventListener(\"DOMContentLoaded\",function(){for(var e,t,s=l.querySelectorAll(\"iframe.wp-embedded-content\"),r=0;r<s.length;r++)(t=(e=s[r]).getAttribute(\"data-secret\"))||(t=Math.random().toString(36).substring(2,12),e.src+=\"#?secret=\"+t,e.setAttribute(\"data-secret\",t)),e.contentWindow.postMessage({message:\"ready\",secret:t},\"*\")},!1)))}(window,document);\n\/* ]]> *\/\n<\/script>\n","description":"Nous souhaitons cet entretien avant tout comme une discussion ouverte avec notre \u00e9quipe p\u00e9dagogique.Nous parlerons bien entendu du parcours scolaire, mais aussi des centres d\u2019int\u00e9r\u00eat et s\u2019il est d\u00e9j\u00e0 d\u00e9fini, du projet professionnel du candidat.\u00a0"}

Nous souhaitons cet entretien avant tout comme une discussion ouverte avec notre équipe pédagogique.Nous parlerons bien entendu du parcours scolaire, mais aussi des centres d’intérêt et s’il est déjà défini, du projet professionnel du candidat.
