{"id":2930,"date":"2023-02-26T07:53:59","date_gmt":"2023-02-26T06:53:59","guid":{"rendered":"https:\/\/www.hall32.fr\/ecole\/?post_type=faq&#038;p=2930"},"modified":"2023-02-26T07:55:24","modified_gmt":"2023-02-26T06:55:24","slug":"qui-sont-les-jeunes-qui-peuvent-integrer-hall-32","status":"publish","type":"faq","link":"https:\/\/www.hall32.fr\/ecole\/faq\/qui-sont-les-jeunes-qui-peuvent-integrer-hall-32\/","title":{"rendered":"Qui sont les jeunes qui peuvent int\u00e9grer Hall 32 ?"},"content":{"rendered":"<div class=\"espace \ud83d\ude80 mb-7 mb-lg-7 \" data-aos=\"fade-up\">\n        <div class=\"container\">\n<p>Hall 32 est ouvert \u00e0 tous, filles et gar\u00e7ons \u00e0 partir de la 3<sup>\u00e8me<\/sup>&nbsp;et jusqu\u2019\u00e0 30 ans, qui est la limite d\u2019\u00e2ge pour l\u2019apprentissage.<\/p>\n <\/div>\n        <\/div>\n\n<div class=\"espace \ud83d\ude80 mb-7 mb-lg-7 \" data-aos=\"fade-up\">\n        <div class=\"container\">\n<p>Il n\u2019y a pas de profil type. Les jeunes peuvent venir en Bac Pro, se r\u00e9orienter apr\u00e8s leur seconde qu\u2019elle soit g\u00e9n\u00e9rale ou technologique ou int\u00e9grer notre Centre de Formation des Apprentis en 1<sup>\u00e8re<\/sup>&nbsp;ann\u00e9e de BTS.<\/p>\n <\/div>\n        <\/div>\n\n<div class=\"espace \ud83d\ude80 mb-7 mb-lg-7 \" data-aos=\"fade-up\">\n        <div class=\"container\">\n<p>Nous s\u00e9lectionnons avant tout des jeunes motiv\u00e9s et int\u00e9ress\u00e9s par les m\u00e9tiers de l\u2019industrie.&nbsp;<\/p>\n <\/div>\n        <\/div>","protected":false},"excerpt":{"rendered":"<p>Hall 32 est ouvert \u00e0 tous, filles et gar\u00e7ons \u00e0 partir de la 3\u00e8me&nbsp;et jusqu\u2019\u00e0 30 ans, qui est la limite d\u2019\u00e2ge pour l\u2019apprentissage. Il n\u2019y a pas de profil type. Les jeunes peuvent venir en Bac Pro, se r\u00e9orienter apr\u00e8s leur seconde qu\u2019elle soit g\u00e9n\u00e9rale ou technologique ou int\u00e9grer notre Centre de Formation des [&hellip;]<\/p>\n","protected":false},"featured_media":0,"parent":0,"menu_order":0,"template":"","periscope_categorie_tax":[22,12],"class_list":["post-2930","faq","type-faq","status-publish","hentry","periscope_categorie_tax-jeunes","periscope_categorie_tax-rejoindre-hall-32"],"acf":[],"yoast_head":"<!-- This site is optimized with the Yoast SEO plugin v25.9 - https:\/\/yoast.com\/wordpress\/plugins\/seo\/ -->\n<title>Qui sont les jeunes qui peuvent int\u00e9grer Hall 32 ? - Ecole<\/title>\n<meta name=\"robots\" content=\"index, follow, max-snippet:-1, max-image-preview:large, max-video-preview:-1\" \/>\n<link rel=\"canonical\" href=\"https:\/\/www.hall32.fr\/ecole\/faq\/qui-sont-les-jeunes-qui-peuvent-integrer-hall-32\/\" \/>\n<meta property=\"og:locale\" content=\"fr_FR\" \/>\n<meta property=\"og:type\" content=\"article\" \/>\n<meta property=\"og:title\" content=\"Qui sont les jeunes qui peuvent int\u00e9grer Hall 32 ? - Ecole\" \/>\n<meta property=\"og:description\" content=\"Hall 32 est ouvert \u00e0 tous, filles et gar\u00e7ons \u00e0 partir de la 3\u00e8me&nbsp;et jusqu\u2019\u00e0 30 ans, qui est la limite d\u2019\u00e2ge pour l\u2019apprentissage. Il n\u2019y a pas de profil type. Les jeunes peuvent venir en Bac Pro, se r\u00e9orienter apr\u00e8s leur seconde qu\u2019elle soit g\u00e9n\u00e9rale ou technologique ou int\u00e9grer notre Centre de Formation des [&hellip;]\" \/>\n<meta property=\"og:url\" content=\"https:\/\/www.hall32.fr\/ecole\/faq\/qui-sont-les-jeunes-qui-peuvent-integrer-hall-32\/\" \/>\n<meta property=\"og:site_name\" content=\"Ecole\" \/>\n<meta property=\"article:modified_time\" content=\"2023-02-26T06:55:24+00:00\" \/>\n<meta name=\"twitter:card\" content=\"summary_large_image\" \/>\n<meta name=\"twitter:label1\" content=\"Dur\u00e9e de lecture estim\u00e9e\" \/>\n\t<meta name=\"twitter:data1\" content=\"1 minute\" \/>\n<script type=\"application\/ld+json\" class=\"yoast-schema-graph\">{\"@context\":\"https:\/\/schema.org\",\"@graph\":[{\"@type\":\"WebPage\",\"@id\":\"https:\/\/www.hall32.fr\/ecole\/faq\/qui-sont-les-jeunes-qui-peuvent-integrer-hall-32\/\",\"url\":\"https:\/\/www.hall32.fr\/ecole\/faq\/qui-sont-les-jeunes-qui-peuvent-integrer-hall-32\/\",\"name\":\"Qui sont les jeunes qui peuvent int\u00e9grer Hall 32 ? - Ecole\",\"isPartOf\":{\"@id\":\"https:\/\/www.hall32.fr\/ecole\/#website\"},\"datePublished\":\"2023-02-26T06:53:59+00:00\",\"dateModified\":\"2023-02-26T06:55:24+00:00\",\"breadcrumb\":{\"@id\":\"https:\/\/www.hall32.fr\/ecole\/faq\/qui-sont-les-jeunes-qui-peuvent-integrer-hall-32\/#breadcrumb\"},\"inLanguage\":\"fr-FR\",\"potentialAction\":[{\"@type\":\"ReadAction\",\"target\":[\"https:\/\/www.hall32.fr\/ecole\/faq\/qui-sont-les-jeunes-qui-peuvent-integrer-hall-32\/\"]}]},{\"@type\":\"BreadcrumbList\",\"@id\":\"https:\/\/www.hall32.fr\/ecole\/faq\/qui-sont-les-jeunes-qui-peuvent-integrer-hall-32\/#breadcrumb\",\"itemListElement\":[{\"@type\":\"ListItem\",\"position\":1,\"name\":\"FAQ\",\"item\":\"https:\/\/www.hall32.fr\/ecole\/toutes-nos-faqs\/\"},{\"@type\":\"ListItem\",\"position\":2,\"name\":\"Jeunes\",\"item\":\"https:\/\/www.hall32.fr\/ecole\/categorie-faq\/jeunes\/\"},{\"@type\":\"ListItem\",\"position\":3,\"name\":\"Qui sont les jeunes qui peuvent int\u00e9grer Hall 32 ?\"}]},{\"@type\":\"WebSite\",\"@id\":\"https:\/\/www.hall32.fr\/ecole\/#website\",\"url\":\"https:\/\/www.hall32.fr\/ecole\/\",\"name\":\"Ecole\",\"description\":\"\",\"potentialAction\":[{\"@type\":\"SearchAction\",\"target\":{\"@type\":\"EntryPoint\",\"urlTemplate\":\"https:\/\/www.hall32.fr\/ecole\/?s={search_term_string}\"},\"query-input\":{\"@type\":\"PropertyValueSpecification\",\"valueRequired\":true,\"valueName\":\"search_term_string\"}}],\"inLanguage\":\"fr-FR\"}]}<\/script>\n<!-- \/ Yoast SEO plugin. -->","yoast_head_json":{"title":"Qui sont les jeunes qui peuvent int\u00e9grer Hall 32 ? - Ecole","robots":{"index":"index","follow":"follow","max-snippet":"max-snippet:-1","max-image-preview":"max-image-preview:large","max-video-preview":"max-video-preview:-1"},"canonical":"https:\/\/www.hall32.fr\/ecole\/faq\/qui-sont-les-jeunes-qui-peuvent-integrer-hall-32\/","og_locale":"fr_FR","og_type":"article","og_title":"Qui sont les jeunes qui peuvent int\u00e9grer Hall 32 ? - Ecole","og_description":"Hall 32 est ouvert \u00e0 tous, filles et gar\u00e7ons \u00e0 partir de la 3\u00e8me&nbsp;et jusqu\u2019\u00e0 30 ans, qui est la limite d\u2019\u00e2ge pour l\u2019apprentissage. Il n\u2019y a pas de profil type. Les jeunes peuvent venir en Bac Pro, se r\u00e9orienter apr\u00e8s leur seconde qu\u2019elle soit g\u00e9n\u00e9rale ou technologique ou int\u00e9grer notre Centre de Formation des [&hellip;]","og_url":"https:\/\/www.hall32.fr\/ecole\/faq\/qui-sont-les-jeunes-qui-peuvent-integrer-hall-32\/","og_site_name":"Ecole","article_modified_time":"2023-02-26T06:55:24+00:00","twitter_card":"summary_large_image","twitter_misc":{"Dur\u00e9e de lecture estim\u00e9e":"1 minute"},"schema":{"@context":"https:\/\/schema.org","@graph":[{"@type":"WebPage","@id":"https:\/\/www.hall32.fr\/ecole\/faq\/qui-sont-les-jeunes-qui-peuvent-integrer-hall-32\/","url":"https:\/\/www.hall32.fr\/ecole\/faq\/qui-sont-les-jeunes-qui-peuvent-integrer-hall-32\/","name":"Qui sont les jeunes qui peuvent int\u00e9grer Hall 32 ? - Ecole","isPartOf":{"@id":"https:\/\/www.hall32.fr\/ecole\/#website"},"datePublished":"2023-02-26T06:53:59+00:00","dateModified":"2023-02-26T06:55:24+00:00","breadcrumb":{"@id":"https:\/\/www.hall32.fr\/ecole\/faq\/qui-sont-les-jeunes-qui-peuvent-integrer-hall-32\/#breadcrumb"},"inLanguage":"fr-FR","potentialAction":[{"@type":"ReadAction","target":["https:\/\/www.hall32.fr\/ecole\/faq\/qui-sont-les-jeunes-qui-peuvent-integrer-hall-32\/"]}]},{"@type":"BreadcrumbList","@id":"https:\/\/www.hall32.fr\/ecole\/faq\/qui-sont-les-jeunes-qui-peuvent-integrer-hall-32\/#breadcrumb","itemListElement":[{"@type":"ListItem","position":1,"name":"FAQ","item":"https:\/\/www.hall32.fr\/ecole\/toutes-nos-faqs\/"},{"@type":"ListItem","position":2,"name":"Jeunes","item":"https:\/\/www.hall32.fr\/ecole\/categorie-faq\/jeunes\/"},{"@type":"ListItem","position":3,"name":"Qui sont les jeunes qui peuvent int\u00e9grer Hall 32 ?"}]},{"@type":"WebSite","@id":"https:\/\/www.hall32.fr\/ecole\/#website","url":"https:\/\/www.hall32.fr\/ecole\/","name":"Ecole","description":"","potentialAction":[{"@type":"SearchAction","target":{"@type":"EntryPoint","urlTemplate":"https:\/\/www.hall32.fr\/ecole\/?s={search_term_string}"},"query-input":{"@type":"PropertyValueSpecification","valueRequired":true,"valueName":"search_term_string"}}],"inLanguage":"fr-FR"}]}},"_links":{"self":[{"href":"https:\/\/www.hall32.fr\/ecole\/wp-json\/wp\/v2\/faq\/2930","targetHints":{"allow":["GET"]}}],"collection":[{"href":"https:\/\/www.hall32.fr\/ecole\/wp-json\/wp\/v2\/faq"}],"about":[{"href":"https:\/\/www.hall32.fr\/ecole\/wp-json\/wp\/v2\/types\/faq"}],"wp:attachment":[{"href":"https:\/\/www.hall32.fr\/ecole\/wp-json\/wp\/v2\/media?parent=2930"}],"wp:term":[{"taxonomy":"periscope_categorie_tax","embeddable":true,"href":"https:\/\/www.hall32.fr\/ecole\/wp-json\/wp\/v2\/periscope_categorie_tax?post=2930"}],"curies":[{"name":"wp","href":"https:\/\/api.w.org\/{rel}","templated":true}]}}

Qui sont les jeunes qui peuvent intégrer Hall 32 ?

<div class="espace 🚀 mb-7 mb-lg-7 " data-aos="fade-up">
        <div class="container">
<p>Hall 32 est ouvert à tous, filles et garçons à partir de la 3<sup>ème</sup>&nbsp;et jusqu’à 30 ans, qui est la limite d’âge pour l’apprentissage.</p>
 </div>
        </div>

<div class="espace 🚀 mb-7 mb-lg-7 " data-aos="fade-up">
        <div class="container">
<p>Il n’y a pas de profil type. Les jeunes peuvent venir en Bac Pro, se réorienter après leur seconde qu’elle soit générale ou technologique ou intégrer notre Centre de Formation des Apprentis en 1<sup>ère</sup>&nbsp;année de BTS.</p>
 </div>
        </div>

<div class="espace 🚀 mb-7 mb-lg-7 " data-aos="fade-up">
        <div class="container">
<p>Nous sélectionnons avant tout des jeunes motivés et intéressés par les métiers de l’industrie.&nbsp;</p>
 </div>
        </div>

<p>Hall 32 est ouvert à tous, filles et garçons à partir de la 3ème&nbsp;et jusqu’à 30 ans, qui est la limite d’âge pour l’apprentissage. Il n’y a pas de profil type. Les jeunes peuvent venir en Bac Pro, se réorienter après leur seconde qu’elle soit générale ou technologique ou intégrer notre Centre de Formation des [&hellip;]</p>

<!-- This site is optimized with the Yoast SEO plugin v25.9 - https://yoast.com/wordpress/plugins/seo/ -->
<title>Qui sont les jeunes qui peuvent intégrer Hall 32 ? - Ecole</title>
<meta name="robots" content="index, follow, max-snippet:-1, max-image-preview:large, max-video-preview:-1" />
<link rel="canonical" href="https://www.hall32.fr/ecole/faq/qui-sont-les-jeunes-qui-peuvent-integrer-hall-32/" />
<meta property="og:locale" content="fr_FR" />
<meta property="og:type" content="article" />
<meta property="og:title" content="Qui sont les jeunes qui peuvent intégrer Hall 32 ? - Ecole" />
<meta property="og:description" content="Hall 32 est ouvert à tous, filles et garçons à partir de la 3ème&nbsp;et jusqu’à 30 ans, qui est la limite d’âge pour l’apprentissage. Il n’y a pas de profil type. Les jeunes peuvent venir en Bac Pro, se réorienter après leur seconde qu’elle soit générale ou technologique ou intégrer notre Centre de Formation des [&hellip;]" />
<meta property="og:url" content="https://www.hall32.fr/ecole/faq/qui-sont-les-jeunes-qui-peuvent-integrer-hall-32/" />
<meta property="og:site_name" content="Ecole" />
<meta property="article:modified_time" content="2023-02-26T06:55:24+00:00" />
<meta name="twitter:card" content="summary_large_image" />
<meta name="twitter:label1" content="Durée de lecture estimée" />
	<meta name="twitter:data1" content="1 minute" />
<script type="application/ld+json" class="yoast-schema-graph">{"@context":"https://schema.org","@graph":[{"@type":"WebPage","@id":"https://www.hall32.fr/ecole/faq/qui-sont-les-jeunes-qui-peuvent-integrer-hall-32/","url":"https://www.hall32.fr/ecole/faq/qui-sont-les-jeunes-qui-peuvent-integrer-hall-32/","name":"Qui sont les jeunes qui peuvent intégrer Hall 32 ? - Ecole","isPartOf":{"@id":"https://www.hall32.fr/ecole/#website"},"datePublished":"2023-02-26T06:53:59+00:00","dateModified":"2023-02-26T06:55:24+00:00","breadcrumb":{"@id":"https://www.hall32.fr/ecole/faq/qui-sont-les-jeunes-qui-peuvent-integrer-hall-32/#breadcrumb"},"inLanguage":"fr-FR","potentialAction":[{"@type":"ReadAction","target":["https://www.hall32.fr/ecole/faq/qui-sont-les-jeunes-qui-peuvent-integrer-hall-32/"]}]},{"@type":"BreadcrumbList","@id":"https://www.hall32.fr/ecole/faq/qui-sont-les-jeunes-qui-peuvent-integrer-hall-32/#breadcrumb","itemListElement":[{"@type":"ListItem","position":1,"name":"FAQ","item":"https://www.hall32.fr/ecole/toutes-nos-faqs/"},{"@type":"ListItem","position":2,"name":"Jeunes","item":"https://www.hall32.fr/ecole/categorie-faq/jeunes/"},{"@type":"ListItem","position":3,"name":"Qui sont les jeunes qui peuvent intégrer Hall 32 ?"}]},{"@type":"WebSite","@id":"https://www.hall32.fr/ecole/#website","url":"https://www.hall32.fr/ecole/","name":"Ecole","description":"","potentialAction":[{"@type":"SearchAction","target":{"@type":"EntryPoint","urlTemplate":"https://www.hall32.fr/ecole/?s={search_term_string}"},"query-input":{"@type":"PropertyValueSpecification","valueRequired":true,"valueName":"search_term_string"}}],"inLanguage":"fr-FR"}]}</script>
<!-- / Yoast SEO plugin. -->

Qui sont les jeunes qui peuvent intégrer Hall 32 ? - Ecole

Hall 32 est ouvert à tous, filles et garçons à partir de la 3ème&nbsp;et jusqu’à 30 ans, qui est la limite d’âge pour l’apprentissage. Il n’y a pas de profil type. Les jeunes peuvent venir en Bac Pro, se réorienter après leur seconde qu’elle soit générale ou technologique ou intégrer notre Centre de Formation des [&hellip;]
