{"id":2941,"date":"2023-02-26T08:14:15","date_gmt":"2023-02-26T07:14:15","guid":{"rendered":"https:\/\/www.hall32.fr\/ecole\/?post_type=faq&#038;p=2941"},"modified":"2023-02-26T08:36:33","modified_gmt":"2023-02-26T07:36:33","slug":"est-ce-quhall-32-peut-maider-a-mieux-definir-mon-projet-professionnel","status":"publish","type":"faq","link":"https:\/\/www.hall32.fr\/ecole\/faq\/est-ce-quhall-32-peut-maider-a-mieux-definir-mon-projet-professionnel\/","title":{"rendered":"Est-ce qu&rsquo;Hall 32 peut m&rsquo;aider \u00e0 mieux d\u00e9finir mon projet professionnel ?"},"content":{"rendered":"<div class=\"espace \ud83d\ude80 mb-7 mb-lg-7 \" data-aos=\"fade-up\">\n        <div class=\"container\">\n<p>Vous pouvez avant votre candidature venir rencontrer notre \u00e9quipe p\u00e9dagogique et nos alternants lors des rendez-vous annuels comme notre journ\u00e9e portes ouvertes.<\/p>\n <\/div>\n        <\/div>\n\n<div class=\"espace \ud83d\ude80 mb-7 mb-lg-7 \" data-aos=\"fade-up\">\n        <div class=\"container\">\n<p>Si vous souhaitez vous immerger un peu plus dans l\u2019environnement Hall 32 avant de vous inscrire dans une fili\u00e8re de formation, nous pouvons vous accueillir en stage, avec une convention de partenariat \u00e9tablie entre Hall 32 et votre \u00e9tablissement scolaire.<\/p>\n <\/div>\n        <\/div>\n\n<div class=\"espace \ud83d\ude80 mb-7 mb-lg-7 \" data-aos=\"fade-up\">\n        <div class=\"container\">\n<p>Enfin, n\u2019h\u00e9sitez pas \u00e0 venir nous rencontrer sur nos salons et \u00e0 d\u00e9couvrir les diff\u00e9rents t\u00e9moignages des nos alternants ou anciens alternante(s) sur notre site.<\/p>\n <\/div>\n        <\/div>","protected":false},"excerpt":{"rendered":"<p>Vous pouvez avant votre candidature venir rencontrer notre \u00e9quipe p\u00e9dagogique et nos alternants lors des rendez-vous annuels comme notre journ\u00e9e portes ouvertes. Si vous souhaitez vous immerger un peu plus dans l\u2019environnement Hall 32 avant de vous inscrire dans une fili\u00e8re de formation, nous pouvons vous accueillir en stage, avec une convention de partenariat \u00e9tablie [&hellip;]<\/p>\n","protected":false},"featured_media":0,"parent":0,"menu_order":0,"template":"","periscope_categorie_tax":[22,15],"class_list":["post-2941","faq","type-faq","status-publish","hentry","periscope_categorie_tax-jeunes","periscope_categorie_tax-les-metiers-et-les-perspectives"],"acf":[],"yoast_head":"<!-- This site is optimized with the Yoast SEO plugin v25.9 - https:\/\/yoast.com\/wordpress\/plugins\/seo\/ -->\n<title>Est-ce qu&#039;Hall 32 peut m&#039;aider \u00e0 mieux d\u00e9finir mon projet professionnel ? - Ecole<\/title>\n<meta name=\"robots\" content=\"index, follow, max-snippet:-1, max-image-preview:large, max-video-preview:-1\" \/>\n<link rel=\"canonical\" href=\"https:\/\/www.hall32.fr\/ecole\/faq\/est-ce-quhall-32-peut-maider-a-mieux-definir-mon-projet-professionnel\/\" \/>\n<meta property=\"og:locale\" content=\"fr_FR\" \/>\n<meta property=\"og:type\" content=\"article\" \/>\n<meta property=\"og:title\" content=\"Est-ce qu&#039;Hall 32 peut m&#039;aider \u00e0 mieux d\u00e9finir mon projet professionnel ? - Ecole\" \/>\n<meta property=\"og:description\" content=\"Vous pouvez avant votre candidature venir rencontrer notre \u00e9quipe p\u00e9dagogique et nos alternants lors des rendez-vous annuels comme notre journ\u00e9e portes ouvertes. Si vous souhaitez vous immerger un peu plus dans l\u2019environnement Hall 32 avant de vous inscrire dans une fili\u00e8re de formation, nous pouvons vous accueillir en stage, avec une convention de partenariat \u00e9tablie [&hellip;]\" \/>\n<meta property=\"og:url\" content=\"https:\/\/www.hall32.fr\/ecole\/faq\/est-ce-quhall-32-peut-maider-a-mieux-definir-mon-projet-professionnel\/\" \/>\n<meta property=\"og:site_name\" content=\"Ecole\" \/>\n<meta property=\"article:modified_time\" content=\"2023-02-26T07:36:33+00:00\" \/>\n<meta name=\"twitter:card\" content=\"summary_large_image\" \/>\n<meta name=\"twitter:label1\" content=\"Dur\u00e9e de lecture estim\u00e9e\" \/>\n\t<meta name=\"twitter:data1\" content=\"1 minute\" \/>\n<script type=\"application\/ld+json\" class=\"yoast-schema-graph\">{\"@context\":\"https:\/\/schema.org\",\"@graph\":[{\"@type\":\"WebPage\",\"@id\":\"https:\/\/www.hall32.fr\/ecole\/faq\/est-ce-quhall-32-peut-maider-a-mieux-definir-mon-projet-professionnel\/\",\"url\":\"https:\/\/www.hall32.fr\/ecole\/faq\/est-ce-quhall-32-peut-maider-a-mieux-definir-mon-projet-professionnel\/\",\"name\":\"Est-ce qu'Hall 32 peut m'aider \u00e0 mieux d\u00e9finir mon projet professionnel ? - Ecole\",\"isPartOf\":{\"@id\":\"https:\/\/www.hall32.fr\/ecole\/#website\"},\"datePublished\":\"2023-02-26T07:14:15+00:00\",\"dateModified\":\"2023-02-26T07:36:33+00:00\",\"breadcrumb\":{\"@id\":\"https:\/\/www.hall32.fr\/ecole\/faq\/est-ce-quhall-32-peut-maider-a-mieux-definir-mon-projet-professionnel\/#breadcrumb\"},\"inLanguage\":\"fr-FR\",\"potentialAction\":[{\"@type\":\"ReadAction\",\"target\":[\"https:\/\/www.hall32.fr\/ecole\/faq\/est-ce-quhall-32-peut-maider-a-mieux-definir-mon-projet-professionnel\/\"]}]},{\"@type\":\"BreadcrumbList\",\"@id\":\"https:\/\/www.hall32.fr\/ecole\/faq\/est-ce-quhall-32-peut-maider-a-mieux-definir-mon-projet-professionnel\/#breadcrumb\",\"itemListElement\":[{\"@type\":\"ListItem\",\"position\":1,\"name\":\"FAQ\",\"item\":\"https:\/\/www.hall32.fr\/ecole\/toutes-nos-faqs\/\"},{\"@type\":\"ListItem\",\"position\":2,\"name\":\"Jeunes\",\"item\":\"https:\/\/www.hall32.fr\/ecole\/categorie-faq\/jeunes\/\"},{\"@type\":\"ListItem\",\"position\":3,\"name\":\"Est-ce qu&rsquo;Hall 32 peut m&rsquo;aider \u00e0 mieux d\u00e9finir mon projet professionnel ?\"}]},{\"@type\":\"WebSite\",\"@id\":\"https:\/\/www.hall32.fr\/ecole\/#website\",\"url\":\"https:\/\/www.hall32.fr\/ecole\/\",\"name\":\"Ecole\",\"description\":\"\",\"potentialAction\":[{\"@type\":\"SearchAction\",\"target\":{\"@type\":\"EntryPoint\",\"urlTemplate\":\"https:\/\/www.hall32.fr\/ecole\/?s={search_term_string}\"},\"query-input\":{\"@type\":\"PropertyValueSpecification\",\"valueRequired\":true,\"valueName\":\"search_term_string\"}}],\"inLanguage\":\"fr-FR\"}]}<\/script>\n<!-- \/ Yoast SEO plugin. -->","yoast_head_json":{"title":"Est-ce qu'Hall 32 peut m'aider \u00e0 mieux d\u00e9finir mon projet professionnel ? - Ecole","robots":{"index":"index","follow":"follow","max-snippet":"max-snippet:-1","max-image-preview":"max-image-preview:large","max-video-preview":"max-video-preview:-1"},"canonical":"https:\/\/www.hall32.fr\/ecole\/faq\/est-ce-quhall-32-peut-maider-a-mieux-definir-mon-projet-professionnel\/","og_locale":"fr_FR","og_type":"article","og_title":"Est-ce qu'Hall 32 peut m'aider \u00e0 mieux d\u00e9finir mon projet professionnel ? - Ecole","og_description":"Vous pouvez avant votre candidature venir rencontrer notre \u00e9quipe p\u00e9dagogique et nos alternants lors des rendez-vous annuels comme notre journ\u00e9e portes ouvertes. Si vous souhaitez vous immerger un peu plus dans l\u2019environnement Hall 32 avant de vous inscrire dans une fili\u00e8re de formation, nous pouvons vous accueillir en stage, avec une convention de partenariat \u00e9tablie [&hellip;]","og_url":"https:\/\/www.hall32.fr\/ecole\/faq\/est-ce-quhall-32-peut-maider-a-mieux-definir-mon-projet-professionnel\/","og_site_name":"Ecole","article_modified_time":"2023-02-26T07:36:33+00:00","twitter_card":"summary_large_image","twitter_misc":{"Dur\u00e9e de lecture estim\u00e9e":"1 minute"},"schema":{"@context":"https:\/\/schema.org","@graph":[{"@type":"WebPage","@id":"https:\/\/www.hall32.fr\/ecole\/faq\/est-ce-quhall-32-peut-maider-a-mieux-definir-mon-projet-professionnel\/","url":"https:\/\/www.hall32.fr\/ecole\/faq\/est-ce-quhall-32-peut-maider-a-mieux-definir-mon-projet-professionnel\/","name":"Est-ce qu'Hall 32 peut m'aider \u00e0 mieux d\u00e9finir mon projet professionnel ? - Ecole","isPartOf":{"@id":"https:\/\/www.hall32.fr\/ecole\/#website"},"datePublished":"2023-02-26T07:14:15+00:00","dateModified":"2023-02-26T07:36:33+00:00","breadcrumb":{"@id":"https:\/\/www.hall32.fr\/ecole\/faq\/est-ce-quhall-32-peut-maider-a-mieux-definir-mon-projet-professionnel\/#breadcrumb"},"inLanguage":"fr-FR","potentialAction":[{"@type":"ReadAction","target":["https:\/\/www.hall32.fr\/ecole\/faq\/est-ce-quhall-32-peut-maider-a-mieux-definir-mon-projet-professionnel\/"]}]},{"@type":"BreadcrumbList","@id":"https:\/\/www.hall32.fr\/ecole\/faq\/est-ce-quhall-32-peut-maider-a-mieux-definir-mon-projet-professionnel\/#breadcrumb","itemListElement":[{"@type":"ListItem","position":1,"name":"FAQ","item":"https:\/\/www.hall32.fr\/ecole\/toutes-nos-faqs\/"},{"@type":"ListItem","position":2,"name":"Jeunes","item":"https:\/\/www.hall32.fr\/ecole\/categorie-faq\/jeunes\/"},{"@type":"ListItem","position":3,"name":"Est-ce qu&rsquo;Hall 32 peut m&rsquo;aider \u00e0 mieux d\u00e9finir mon projet professionnel ?"}]},{"@type":"WebSite","@id":"https:\/\/www.hall32.fr\/ecole\/#website","url":"https:\/\/www.hall32.fr\/ecole\/","name":"Ecole","description":"","potentialAction":[{"@type":"SearchAction","target":{"@type":"EntryPoint","urlTemplate":"https:\/\/www.hall32.fr\/ecole\/?s={search_term_string}"},"query-input":{"@type":"PropertyValueSpecification","valueRequired":true,"valueName":"search_term_string"}}],"inLanguage":"fr-FR"}]}},"_links":{"self":[{"href":"https:\/\/www.hall32.fr\/ecole\/wp-json\/wp\/v2\/faq\/2941","targetHints":{"allow":["GET"]}}],"collection":[{"href":"https:\/\/www.hall32.fr\/ecole\/wp-json\/wp\/v2\/faq"}],"about":[{"href":"https:\/\/www.hall32.fr\/ecole\/wp-json\/wp\/v2\/types\/faq"}],"wp:attachment":[{"href":"https:\/\/www.hall32.fr\/ecole\/wp-json\/wp\/v2\/media?parent=2941"}],"wp:term":[{"taxonomy":"periscope_categorie_tax","embeddable":true,"href":"https:\/\/www.hall32.fr\/ecole\/wp-json\/wp\/v2\/periscope_categorie_tax?post=2941"}],"curies":[{"name":"wp","href":"https:\/\/api.w.org\/{rel}","templated":true}]}}

Est-ce qu&rsquo;Hall 32 peut m&rsquo;aider à mieux définir mon projet professionnel ?

<div class="espace 🚀 mb-7 mb-lg-7 " data-aos="fade-up">
        <div class="container">
<p>Vous pouvez avant votre candidature venir rencontrer notre équipe pédagogique et nos alternants lors des rendez-vous annuels comme notre journée portes ouvertes.</p>
 </div>
        </div>

<div class="espace 🚀 mb-7 mb-lg-7 " data-aos="fade-up">
        <div class="container">
<p>Si vous souhaitez vous immerger un peu plus dans l’environnement Hall 32 avant de vous inscrire dans une filière de formation, nous pouvons vous accueillir en stage, avec une convention de partenariat établie entre Hall 32 et votre établissement scolaire.</p>
 </div>
        </div>

<div class="espace 🚀 mb-7 mb-lg-7 " data-aos="fade-up">
        <div class="container">
<p>Enfin, n’hésitez pas à venir nous rencontrer sur nos salons et à découvrir les différents témoignages des nos alternants ou anciens alternante(s) sur notre site.</p>
 </div>
        </div>

<p>Vous pouvez avant votre candidature venir rencontrer notre équipe pédagogique et nos alternants lors des rendez-vous annuels comme notre journée portes ouvertes. Si vous souhaitez vous immerger un peu plus dans l’environnement Hall 32 avant de vous inscrire dans une filière de formation, nous pouvons vous accueillir en stage, avec une convention de partenariat établie [&hellip;]</p>

<!-- This site is optimized with the Yoast SEO plugin v25.9 - https://yoast.com/wordpress/plugins/seo/ -->
<title>Est-ce qu&#039;Hall 32 peut m&#039;aider à mieux définir mon projet professionnel ? - Ecole</title>
<meta name="robots" content="index, follow, max-snippet:-1, max-image-preview:large, max-video-preview:-1" />
<link rel="canonical" href="https://www.hall32.fr/ecole/faq/est-ce-quhall-32-peut-maider-a-mieux-definir-mon-projet-professionnel/" />
<meta property="og:locale" content="fr_FR" />
<meta property="og:type" content="article" />
<meta property="og:title" content="Est-ce qu&#039;Hall 32 peut m&#039;aider à mieux définir mon projet professionnel ? - Ecole" />
<meta property="og:description" content="Vous pouvez avant votre candidature venir rencontrer notre équipe pédagogique et nos alternants lors des rendez-vous annuels comme notre journée portes ouvertes. Si vous souhaitez vous immerger un peu plus dans l’environnement Hall 32 avant de vous inscrire dans une filière de formation, nous pouvons vous accueillir en stage, avec une convention de partenariat établie [&hellip;]" />
<meta property="og:url" content="https://www.hall32.fr/ecole/faq/est-ce-quhall-32-peut-maider-a-mieux-definir-mon-projet-professionnel/" />
<meta property="og:site_name" content="Ecole" />
<meta property="article:modified_time" content="2023-02-26T07:36:33+00:00" />
<meta name="twitter:card" content="summary_large_image" />
<meta name="twitter:label1" content="Durée de lecture estimée" />
	<meta name="twitter:data1" content="1 minute" />
<script type="application/ld+json" class="yoast-schema-graph">{"@context":"https://schema.org","@graph":[{"@type":"WebPage","@id":"https://www.hall32.fr/ecole/faq/est-ce-quhall-32-peut-maider-a-mieux-definir-mon-projet-professionnel/","url":"https://www.hall32.fr/ecole/faq/est-ce-quhall-32-peut-maider-a-mieux-definir-mon-projet-professionnel/","name":"Est-ce qu'Hall 32 peut m'aider à mieux définir mon projet professionnel ? - Ecole","isPartOf":{"@id":"https://www.hall32.fr/ecole/#website"},"datePublished":"2023-02-26T07:14:15+00:00","dateModified":"2023-02-26T07:36:33+00:00","breadcrumb":{"@id":"https://www.hall32.fr/ecole/faq/est-ce-quhall-32-peut-maider-a-mieux-definir-mon-projet-professionnel/#breadcrumb"},"inLanguage":"fr-FR","potentialAction":[{"@type":"ReadAction","target":["https://www.hall32.fr/ecole/faq/est-ce-quhall-32-peut-maider-a-mieux-definir-mon-projet-professionnel/"]}]},{"@type":"BreadcrumbList","@id":"https://www.hall32.fr/ecole/faq/est-ce-quhall-32-peut-maider-a-mieux-definir-mon-projet-professionnel/#breadcrumb","itemListElement":[{"@type":"ListItem","position":1,"name":"FAQ","item":"https://www.hall32.fr/ecole/toutes-nos-faqs/"},{"@type":"ListItem","position":2,"name":"Jeunes","item":"https://www.hall32.fr/ecole/categorie-faq/jeunes/"},{"@type":"ListItem","position":3,"name":"Est-ce qu&rsquo;Hall 32 peut m&rsquo;aider à mieux définir mon projet professionnel ?"}]},{"@type":"WebSite","@id":"https://www.hall32.fr/ecole/#website","url":"https://www.hall32.fr/ecole/","name":"Ecole","description":"","potentialAction":[{"@type":"SearchAction","target":{"@type":"EntryPoint","urlTemplate":"https://www.hall32.fr/ecole/?s={search_term_string}"},"query-input":{"@type":"PropertyValueSpecification","valueRequired":true,"valueName":"search_term_string"}}],"inLanguage":"fr-FR"}]}</script>
<!-- / Yoast SEO plugin. -->

Est-ce qu'Hall 32 peut m'aider à mieux définir mon projet professionnel ? - Ecole

Vous pouvez avant votre candidature venir rencontrer notre équipe pédagogique et nos alternants lors des rendez-vous annuels comme notre journée portes ouvertes. Si vous souhaitez vous immerger un peu plus dans l’environnement Hall 32 avant de vous inscrire dans une filière de formation, nous pouvons vous accueillir en stage, avec une convention de partenariat établie [&hellip;]
