{"id":2943,"date":"2023-02-26T08:15:43","date_gmt":"2023-02-26T07:15:43","guid":{"rendered":"https:\/\/www.hall32.fr\/ecole\/?post_type=faq&#038;p=2943"},"modified":"2023-02-26T08:15:43","modified_gmt":"2023-02-26T07:15:43","slug":"des-prerequis-sont-ils-necessaires-pour-integrer-hal-32","status":"publish","type":"faq","link":"https:\/\/www.hall32.fr\/ecole\/faq\/des-prerequis-sont-ils-necessaires-pour-integrer-hal-32\/","title":{"rendered":"Des pr\u00e9requis sont-ils n\u00e9cessaires pour int\u00e9grer Hal 32 ?"},"content":{"rendered":"<div class=\"espace \ud83d\ude80 mb-7 mb-lg-7 \" data-aos=\"fade-up\">\n        <div class=\"container\">\n<p>Pour chaque formation, vous pourrez retrouver les pr\u00e9requis demand\u00e9s par notre \u00e9quipe de formateurs.<\/p>\n <\/div>\n        <\/div>\n\n<div class=\"espace \ud83d\ude80 mb-7 mb-lg-7 \" data-aos=\"fade-up\">\n        <div class=\"container\">\n<p>Pour une entr\u00e9e en seconde, il n\u2019y a qu\u2019un seul pr\u00e9requis, d\u00e9tenir le brevet des coll\u00e8ges.<\/p>\n <\/div>\n        <\/div>\n\n<div class=\"espace \ud83d\ude80 mb-7 mb-lg-7 \" data-aos=\"fade-up\">\n        <div class=\"container\">\n<p>Pour une entr\u00e9e sur d\u2019autres niveaux, cela n\u00e9cessite un bagage technique. Il sera \u00e9tudi\u00e9 au cas par cas, en fonction de parcours scolaire de chaque candidat.<\/p>\n <\/div>\n        <\/div>","protected":false},"excerpt":{"rendered":"<p>Pour chaque formation, vous pourrez retrouver les pr\u00e9requis demand\u00e9s par notre \u00e9quipe de formateurs. Pour une entr\u00e9e en seconde, il n\u2019y a qu\u2019un seul pr\u00e9requis, d\u00e9tenir le brevet des coll\u00e8ges. Pour une entr\u00e9e sur d\u2019autres niveaux, cela n\u00e9cessite un bagage technique. Il sera \u00e9tudi\u00e9 au cas par cas, en fonction de parcours scolaire de chaque [&hellip;]<\/p>\n","protected":false},"featured_media":0,"parent":0,"menu_order":0,"template":"","periscope_categorie_tax":[22,12],"class_list":["post-2943","faq","type-faq","status-publish","hentry","periscope_categorie_tax-jeunes","periscope_categorie_tax-rejoindre-hall-32"],"acf":[],"yoast_head":"<!-- This site is optimized with the Yoast SEO plugin v25.9 - https:\/\/yoast.com\/wordpress\/plugins\/seo\/ -->\n<title>Des pr\u00e9requis sont-ils n\u00e9cessaires pour int\u00e9grer Hal 32 ? - Ecole<\/title>\n<meta name=\"robots\" content=\"index, follow, max-snippet:-1, max-image-preview:large, max-video-preview:-1\" \/>\n<link rel=\"canonical\" href=\"https:\/\/www.hall32.fr\/ecole\/faq\/des-prerequis-sont-ils-necessaires-pour-integrer-hal-32\/\" \/>\n<meta property=\"og:locale\" content=\"fr_FR\" \/>\n<meta property=\"og:type\" content=\"article\" \/>\n<meta property=\"og:title\" content=\"Des pr\u00e9requis sont-ils n\u00e9cessaires pour int\u00e9grer Hal 32 ? - Ecole\" \/>\n<meta property=\"og:description\" content=\"Pour chaque formation, vous pourrez retrouver les pr\u00e9requis demand\u00e9s par notre \u00e9quipe de formateurs. Pour une entr\u00e9e en seconde, il n\u2019y a qu\u2019un seul pr\u00e9requis, d\u00e9tenir le brevet des coll\u00e8ges. Pour une entr\u00e9e sur d\u2019autres niveaux, cela n\u00e9cessite un bagage technique. Il sera \u00e9tudi\u00e9 au cas par cas, en fonction de parcours scolaire de chaque [&hellip;]\" \/>\n<meta property=\"og:url\" content=\"https:\/\/www.hall32.fr\/ecole\/faq\/des-prerequis-sont-ils-necessaires-pour-integrer-hal-32\/\" \/>\n<meta property=\"og:site_name\" content=\"Ecole\" \/>\n<meta name=\"twitter:card\" content=\"summary_large_image\" \/>\n<meta name=\"twitter:label1\" content=\"Dur\u00e9e de lecture estim\u00e9e\" \/>\n\t<meta name=\"twitter:data1\" content=\"1 minute\" \/>\n<script type=\"application\/ld+json\" class=\"yoast-schema-graph\">{\"@context\":\"https:\/\/schema.org\",\"@graph\":[{\"@type\":\"WebPage\",\"@id\":\"https:\/\/www.hall32.fr\/ecole\/faq\/des-prerequis-sont-ils-necessaires-pour-integrer-hal-32\/\",\"url\":\"https:\/\/www.hall32.fr\/ecole\/faq\/des-prerequis-sont-ils-necessaires-pour-integrer-hal-32\/\",\"name\":\"Des pr\u00e9requis sont-ils n\u00e9cessaires pour int\u00e9grer Hal 32 ? - Ecole\",\"isPartOf\":{\"@id\":\"https:\/\/www.hall32.fr\/ecole\/#website\"},\"datePublished\":\"2023-02-26T07:15:43+00:00\",\"breadcrumb\":{\"@id\":\"https:\/\/www.hall32.fr\/ecole\/faq\/des-prerequis-sont-ils-necessaires-pour-integrer-hal-32\/#breadcrumb\"},\"inLanguage\":\"fr-FR\",\"potentialAction\":[{\"@type\":\"ReadAction\",\"target\":[\"https:\/\/www.hall32.fr\/ecole\/faq\/des-prerequis-sont-ils-necessaires-pour-integrer-hal-32\/\"]}]},{\"@type\":\"BreadcrumbList\",\"@id\":\"https:\/\/www.hall32.fr\/ecole\/faq\/des-prerequis-sont-ils-necessaires-pour-integrer-hal-32\/#breadcrumb\",\"itemListElement\":[{\"@type\":\"ListItem\",\"position\":1,\"name\":\"FAQ\",\"item\":\"https:\/\/www.hall32.fr\/ecole\/toutes-nos-faqs\/\"},{\"@type\":\"ListItem\",\"position\":2,\"name\":\"Jeunes\",\"item\":\"https:\/\/www.hall32.fr\/ecole\/categorie-faq\/jeunes\/\"},{\"@type\":\"ListItem\",\"position\":3,\"name\":\"Des pr\u00e9requis sont-ils n\u00e9cessaires pour int\u00e9grer Hal 32 ?\"}]},{\"@type\":\"WebSite\",\"@id\":\"https:\/\/www.hall32.fr\/ecole\/#website\",\"url\":\"https:\/\/www.hall32.fr\/ecole\/\",\"name\":\"Ecole\",\"description\":\"\",\"potentialAction\":[{\"@type\":\"SearchAction\",\"target\":{\"@type\":\"EntryPoint\",\"urlTemplate\":\"https:\/\/www.hall32.fr\/ecole\/?s={search_term_string}\"},\"query-input\":{\"@type\":\"PropertyValueSpecification\",\"valueRequired\":true,\"valueName\":\"search_term_string\"}}],\"inLanguage\":\"fr-FR\"}]}<\/script>\n<!-- \/ Yoast SEO plugin. -->","yoast_head_json":{"title":"Des pr\u00e9requis sont-ils n\u00e9cessaires pour int\u00e9grer Hal 32 ? - Ecole","robots":{"index":"index","follow":"follow","max-snippet":"max-snippet:-1","max-image-preview":"max-image-preview:large","max-video-preview":"max-video-preview:-1"},"canonical":"https:\/\/www.hall32.fr\/ecole\/faq\/des-prerequis-sont-ils-necessaires-pour-integrer-hal-32\/","og_locale":"fr_FR","og_type":"article","og_title":"Des pr\u00e9requis sont-ils n\u00e9cessaires pour int\u00e9grer Hal 32 ? - Ecole","og_description":"Pour chaque formation, vous pourrez retrouver les pr\u00e9requis demand\u00e9s par notre \u00e9quipe de formateurs. Pour une entr\u00e9e en seconde, il n\u2019y a qu\u2019un seul pr\u00e9requis, d\u00e9tenir le brevet des coll\u00e8ges. Pour une entr\u00e9e sur d\u2019autres niveaux, cela n\u00e9cessite un bagage technique. Il sera \u00e9tudi\u00e9 au cas par cas, en fonction de parcours scolaire de chaque [&hellip;]","og_url":"https:\/\/www.hall32.fr\/ecole\/faq\/des-prerequis-sont-ils-necessaires-pour-integrer-hal-32\/","og_site_name":"Ecole","twitter_card":"summary_large_image","twitter_misc":{"Dur\u00e9e de lecture estim\u00e9e":"1 minute"},"schema":{"@context":"https:\/\/schema.org","@graph":[{"@type":"WebPage","@id":"https:\/\/www.hall32.fr\/ecole\/faq\/des-prerequis-sont-ils-necessaires-pour-integrer-hal-32\/","url":"https:\/\/www.hall32.fr\/ecole\/faq\/des-prerequis-sont-ils-necessaires-pour-integrer-hal-32\/","name":"Des pr\u00e9requis sont-ils n\u00e9cessaires pour int\u00e9grer Hal 32 ? - Ecole","isPartOf":{"@id":"https:\/\/www.hall32.fr\/ecole\/#website"},"datePublished":"2023-02-26T07:15:43+00:00","breadcrumb":{"@id":"https:\/\/www.hall32.fr\/ecole\/faq\/des-prerequis-sont-ils-necessaires-pour-integrer-hal-32\/#breadcrumb"},"inLanguage":"fr-FR","potentialAction":[{"@type":"ReadAction","target":["https:\/\/www.hall32.fr\/ecole\/faq\/des-prerequis-sont-ils-necessaires-pour-integrer-hal-32\/"]}]},{"@type":"BreadcrumbList","@id":"https:\/\/www.hall32.fr\/ecole\/faq\/des-prerequis-sont-ils-necessaires-pour-integrer-hal-32\/#breadcrumb","itemListElement":[{"@type":"ListItem","position":1,"name":"FAQ","item":"https:\/\/www.hall32.fr\/ecole\/toutes-nos-faqs\/"},{"@type":"ListItem","position":2,"name":"Jeunes","item":"https:\/\/www.hall32.fr\/ecole\/categorie-faq\/jeunes\/"},{"@type":"ListItem","position":3,"name":"Des pr\u00e9requis sont-ils n\u00e9cessaires pour int\u00e9grer Hal 32 ?"}]},{"@type":"WebSite","@id":"https:\/\/www.hall32.fr\/ecole\/#website","url":"https:\/\/www.hall32.fr\/ecole\/","name":"Ecole","description":"","potentialAction":[{"@type":"SearchAction","target":{"@type":"EntryPoint","urlTemplate":"https:\/\/www.hall32.fr\/ecole\/?s={search_term_string}"},"query-input":{"@type":"PropertyValueSpecification","valueRequired":true,"valueName":"search_term_string"}}],"inLanguage":"fr-FR"}]}},"_links":{"self":[{"href":"https:\/\/www.hall32.fr\/ecole\/wp-json\/wp\/v2\/faq\/2943","targetHints":{"allow":["GET"]}}],"collection":[{"href":"https:\/\/www.hall32.fr\/ecole\/wp-json\/wp\/v2\/faq"}],"about":[{"href":"https:\/\/www.hall32.fr\/ecole\/wp-json\/wp\/v2\/types\/faq"}],"wp:attachment":[{"href":"https:\/\/www.hall32.fr\/ecole\/wp-json\/wp\/v2\/media?parent=2943"}],"wp:term":[{"taxonomy":"periscope_categorie_tax","embeddable":true,"href":"https:\/\/www.hall32.fr\/ecole\/wp-json\/wp\/v2\/periscope_categorie_tax?post=2943"}],"curies":[{"name":"wp","href":"https:\/\/api.w.org\/{rel}","templated":true}]}}

Des prérequis sont-ils nécessaires pour intégrer Hal 32 ?

<div class="espace 🚀 mb-7 mb-lg-7 " data-aos="fade-up">
        <div class="container">
<p>Pour chaque formation, vous pourrez retrouver les prérequis demandés par notre équipe de formateurs.</p>
 </div>
        </div>

<div class="espace 🚀 mb-7 mb-lg-7 " data-aos="fade-up">
        <div class="container">
<p>Pour une entrée en seconde, il n’y a qu’un seul prérequis, détenir le brevet des collèges.</p>
 </div>
        </div>

<div class="espace 🚀 mb-7 mb-lg-7 " data-aos="fade-up">
        <div class="container">
<p>Pour une entrée sur d’autres niveaux, cela nécessite un bagage technique. Il sera étudié au cas par cas, en fonction de parcours scolaire de chaque candidat.</p>
 </div>
        </div>

<p>Pour chaque formation, vous pourrez retrouver les prérequis demandés par notre équipe de formateurs. Pour une entrée en seconde, il n’y a qu’un seul prérequis, détenir le brevet des collèges. Pour une entrée sur d’autres niveaux, cela nécessite un bagage technique. Il sera étudié au cas par cas, en fonction de parcours scolaire de chaque [&hellip;]</p>

<!-- This site is optimized with the Yoast SEO plugin v25.9 - https://yoast.com/wordpress/plugins/seo/ -->
<title>Des prérequis sont-ils nécessaires pour intégrer Hal 32 ? - Ecole</title>
<meta name="robots" content="index, follow, max-snippet:-1, max-image-preview:large, max-video-preview:-1" />
<link rel="canonical" href="https://www.hall32.fr/ecole/faq/des-prerequis-sont-ils-necessaires-pour-integrer-hal-32/" />
<meta property="og:locale" content="fr_FR" />
<meta property="og:type" content="article" />
<meta property="og:title" content="Des prérequis sont-ils nécessaires pour intégrer Hal 32 ? - Ecole" />
<meta property="og:description" content="Pour chaque formation, vous pourrez retrouver les prérequis demandés par notre équipe de formateurs. Pour une entrée en seconde, il n’y a qu’un seul prérequis, détenir le brevet des collèges. Pour une entrée sur d’autres niveaux, cela nécessite un bagage technique. Il sera étudié au cas par cas, en fonction de parcours scolaire de chaque [&hellip;]" />
<meta property="og:url" content="https://www.hall32.fr/ecole/faq/des-prerequis-sont-ils-necessaires-pour-integrer-hal-32/" />
<meta property="og:site_name" content="Ecole" />
<meta name="twitter:card" content="summary_large_image" />
<meta name="twitter:label1" content="Durée de lecture estimée" />
	<meta name="twitter:data1" content="1 minute" />
<script type="application/ld+json" class="yoast-schema-graph">{"@context":"https://schema.org","@graph":[{"@type":"WebPage","@id":"https://www.hall32.fr/ecole/faq/des-prerequis-sont-ils-necessaires-pour-integrer-hal-32/","url":"https://www.hall32.fr/ecole/faq/des-prerequis-sont-ils-necessaires-pour-integrer-hal-32/","name":"Des prérequis sont-ils nécessaires pour intégrer Hal 32 ? - Ecole","isPartOf":{"@id":"https://www.hall32.fr/ecole/#website"},"datePublished":"2023-02-26T07:15:43+00:00","breadcrumb":{"@id":"https://www.hall32.fr/ecole/faq/des-prerequis-sont-ils-necessaires-pour-integrer-hal-32/#breadcrumb"},"inLanguage":"fr-FR","potentialAction":[{"@type":"ReadAction","target":["https://www.hall32.fr/ecole/faq/des-prerequis-sont-ils-necessaires-pour-integrer-hal-32/"]}]},{"@type":"BreadcrumbList","@id":"https://www.hall32.fr/ecole/faq/des-prerequis-sont-ils-necessaires-pour-integrer-hal-32/#breadcrumb","itemListElement":[{"@type":"ListItem","position":1,"name":"FAQ","item":"https://www.hall32.fr/ecole/toutes-nos-faqs/"},{"@type":"ListItem","position":2,"name":"Jeunes","item":"https://www.hall32.fr/ecole/categorie-faq/jeunes/"},{"@type":"ListItem","position":3,"name":"Des prérequis sont-ils nécessaires pour intégrer Hal 32 ?"}]},{"@type":"WebSite","@id":"https://www.hall32.fr/ecole/#website","url":"https://www.hall32.fr/ecole/","name":"Ecole","description":"","potentialAction":[{"@type":"SearchAction","target":{"@type":"EntryPoint","urlTemplate":"https://www.hall32.fr/ecole/?s={search_term_string}"},"query-input":{"@type":"PropertyValueSpecification","valueRequired":true,"valueName":"search_term_string"}}],"inLanguage":"fr-FR"}]}</script>
<!-- / Yoast SEO plugin. -->

Des prérequis sont-ils nécessaires pour intégrer Hal 32 ? - Ecole

Pour chaque formation, vous pourrez retrouver les prérequis demandés par notre équipe de formateurs. Pour une entrée en seconde, il n’y a qu’un seul prérequis, détenir le brevet des collèges. Pour une entrée sur d’autres niveaux, cela nécessite un bagage technique. Il sera étudié au cas par cas, en fonction de parcours scolaire de chaque [&hellip;]
