{"id":2951,"date":"2023-02-26T08:25:36","date_gmt":"2023-02-26T07:25:36","guid":{"rendered":"https:\/\/www.hall32.fr\/ecole\/?post_type=faq&#038;p=2951"},"modified":"2023-02-26T08:25:37","modified_gmt":"2023-02-26T07:25:37","slug":"comment-les-entreprises-ont-elle-pris-part-au-projet-hall-32","status":"publish","type":"faq","link":"https:\/\/www.hall32.fr\/ecole\/faq\/comment-les-entreprises-ont-elle-pris-part-au-projet-hall-32\/","title":{"rendered":"Comment les entreprises ont-elle pris part au projet Hall 32 ?"},"content":{"rendered":"<div class=\"espace \ud83d\ude80 mb-7 mb-lg-7 \" data-aos=\"fade-up\">\n        <div class=\"container\">\n<p>Gr\u00e2ce aux membres fondateurs, les entreprises ont \u00e9t\u00e9 sollicit\u00e9s d\u00e8s le lancement du projet. Elles sont aujourd\u2019hui au c\u0153ur de l\u2019\u00e9cosyst\u00e8me de Hall 32 et sont en contact permanent avec notre \u00e9quipe p\u00e9dagogique et l\u2019ensemble de nos services.<\/p>\n <\/div>\n        <\/div>\n\n<div class=\"espace \ud83d\ude80 mb-7 mb-lg-7 \" data-aos=\"fade-up\">\n        <div class=\"container\">\n<p>Elles interviennent sur plusieurs \u00e9l\u00e9ments&nbsp;:<\/p>\n <\/div>\n        <\/div>\n\n<div class=\"espace \ud83d\ude80 mb-7 mb-lg-7 \" data-aos=\"fade-up\">\n        <div class=\"container\">\n<ul class=\"wp-block-list\">\n<li>L\u2019identification des m\u00e9tiers en tension et en devenir pour lesquelles le besoin de formation est important<\/li>\n\n\n\n<li>L\u2019identification des comp\u00e9tences en termes d\u2019alternant et de salari\u00e9s dans une entreprise industrielle<\/li>\n\n\n\n<li>L\u2019\u00e9valuation des comp\u00e9tences des jeunes qu\u2019elles accueillent tout au long de leur parcours de formation.<\/li>\n<\/ul>\n <\/div>\n        <\/div>","protected":false},"excerpt":{"rendered":"<p>Gr\u00e2ce aux membres fondateurs, les entreprises ont \u00e9t\u00e9 sollicit\u00e9s d\u00e8s le lancement du projet. Elles sont aujourd\u2019hui au c\u0153ur de l\u2019\u00e9cosyst\u00e8me de Hall 32 et sont en contact permanent avec notre \u00e9quipe p\u00e9dagogique et l\u2019ensemble de nos services. Elles interviennent sur plusieurs \u00e9l\u00e9ments&nbsp;:<\/p>\n","protected":false},"featured_media":0,"parent":0,"menu_order":0,"template":"","periscope_categorie_tax":[23,14],"class_list":["post-2951","faq","type-faq","status-publish","hentry","periscope_categorie_tax-entreprises","periscope_categorie_tax-les-collaborations"],"acf":[],"yoast_head":"<!-- This site is optimized with the Yoast SEO plugin v25.9 - https:\/\/yoast.com\/wordpress\/plugins\/seo\/ -->\n<title>Comment les entreprises ont-elle pris part au projet Hall 32 ? - Ecole<\/title>\n<meta name=\"robots\" content=\"index, follow, max-snippet:-1, max-image-preview:large, max-video-preview:-1\" \/>\n<link rel=\"canonical\" href=\"https:\/\/www.hall32.fr\/ecole\/faq\/comment-les-entreprises-ont-elle-pris-part-au-projet-hall-32\/\" \/>\n<meta property=\"og:locale\" content=\"fr_FR\" \/>\n<meta property=\"og:type\" content=\"article\" \/>\n<meta property=\"og:title\" content=\"Comment les entreprises ont-elle pris part au projet Hall 32 ? - Ecole\" \/>\n<meta property=\"og:description\" content=\"Gr\u00e2ce aux membres fondateurs, les entreprises ont \u00e9t\u00e9 sollicit\u00e9s d\u00e8s le lancement du projet. Elles sont aujourd\u2019hui au c\u0153ur de l\u2019\u00e9cosyst\u00e8me de Hall 32 et sont en contact permanent avec notre \u00e9quipe p\u00e9dagogique et l\u2019ensemble de nos services. Elles interviennent sur plusieurs \u00e9l\u00e9ments&nbsp;:\" \/>\n<meta property=\"og:url\" content=\"https:\/\/www.hall32.fr\/ecole\/faq\/comment-les-entreprises-ont-elle-pris-part-au-projet-hall-32\/\" \/>\n<meta property=\"og:site_name\" content=\"Ecole\" \/>\n<meta property=\"article:modified_time\" content=\"2023-02-26T07:25:37+00:00\" \/>\n<meta name=\"twitter:card\" content=\"summary_large_image\" \/>\n<meta name=\"twitter:label1\" content=\"Dur\u00e9e de lecture estim\u00e9e\" \/>\n\t<meta name=\"twitter:data1\" content=\"1 minute\" \/>\n<script type=\"application\/ld+json\" class=\"yoast-schema-graph\">{\"@context\":\"https:\/\/schema.org\",\"@graph\":[{\"@type\":\"WebPage\",\"@id\":\"https:\/\/www.hall32.fr\/ecole\/faq\/comment-les-entreprises-ont-elle-pris-part-au-projet-hall-32\/\",\"url\":\"https:\/\/www.hall32.fr\/ecole\/faq\/comment-les-entreprises-ont-elle-pris-part-au-projet-hall-32\/\",\"name\":\"Comment les entreprises ont-elle pris part au projet Hall 32 ? - Ecole\",\"isPartOf\":{\"@id\":\"https:\/\/www.hall32.fr\/ecole\/#website\"},\"datePublished\":\"2023-02-26T07:25:36+00:00\",\"dateModified\":\"2023-02-26T07:25:37+00:00\",\"breadcrumb\":{\"@id\":\"https:\/\/www.hall32.fr\/ecole\/faq\/comment-les-entreprises-ont-elle-pris-part-au-projet-hall-32\/#breadcrumb\"},\"inLanguage\":\"fr-FR\",\"potentialAction\":[{\"@type\":\"ReadAction\",\"target\":[\"https:\/\/www.hall32.fr\/ecole\/faq\/comment-les-entreprises-ont-elle-pris-part-au-projet-hall-32\/\"]}]},{\"@type\":\"BreadcrumbList\",\"@id\":\"https:\/\/www.hall32.fr\/ecole\/faq\/comment-les-entreprises-ont-elle-pris-part-au-projet-hall-32\/#breadcrumb\",\"itemListElement\":[{\"@type\":\"ListItem\",\"position\":1,\"name\":\"FAQ\",\"item\":\"https:\/\/www.hall32.fr\/ecole\/toutes-nos-faqs\/\"},{\"@type\":\"ListItem\",\"position\":2,\"name\":\"Entreprises\",\"item\":\"https:\/\/www.hall32.fr\/ecole\/categorie-faq\/entreprises\/\"},{\"@type\":\"ListItem\",\"position\":3,\"name\":\"Comment les entreprises ont-elle pris part au projet Hall 32 ?\"}]},{\"@type\":\"WebSite\",\"@id\":\"https:\/\/www.hall32.fr\/ecole\/#website\",\"url\":\"https:\/\/www.hall32.fr\/ecole\/\",\"name\":\"Ecole\",\"description\":\"\",\"potentialAction\":[{\"@type\":\"SearchAction\",\"target\":{\"@type\":\"EntryPoint\",\"urlTemplate\":\"https:\/\/www.hall32.fr\/ecole\/?s={search_term_string}\"},\"query-input\":{\"@type\":\"PropertyValueSpecification\",\"valueRequired\":true,\"valueName\":\"search_term_string\"}}],\"inLanguage\":\"fr-FR\"}]}<\/script>\n<!-- \/ Yoast SEO plugin. -->","yoast_head_json":{"title":"Comment les entreprises ont-elle pris part au projet Hall 32 ? - Ecole","robots":{"index":"index","follow":"follow","max-snippet":"max-snippet:-1","max-image-preview":"max-image-preview:large","max-video-preview":"max-video-preview:-1"},"canonical":"https:\/\/www.hall32.fr\/ecole\/faq\/comment-les-entreprises-ont-elle-pris-part-au-projet-hall-32\/","og_locale":"fr_FR","og_type":"article","og_title":"Comment les entreprises ont-elle pris part au projet Hall 32 ? - Ecole","og_description":"Gr\u00e2ce aux membres fondateurs, les entreprises ont \u00e9t\u00e9 sollicit\u00e9s d\u00e8s le lancement du projet. Elles sont aujourd\u2019hui au c\u0153ur de l\u2019\u00e9cosyst\u00e8me de Hall 32 et sont en contact permanent avec notre \u00e9quipe p\u00e9dagogique et l\u2019ensemble de nos services. Elles interviennent sur plusieurs \u00e9l\u00e9ments&nbsp;:","og_url":"https:\/\/www.hall32.fr\/ecole\/faq\/comment-les-entreprises-ont-elle-pris-part-au-projet-hall-32\/","og_site_name":"Ecole","article_modified_time":"2023-02-26T07:25:37+00:00","twitter_card":"summary_large_image","twitter_misc":{"Dur\u00e9e de lecture estim\u00e9e":"1 minute"},"schema":{"@context":"https:\/\/schema.org","@graph":[{"@type":"WebPage","@id":"https:\/\/www.hall32.fr\/ecole\/faq\/comment-les-entreprises-ont-elle-pris-part-au-projet-hall-32\/","url":"https:\/\/www.hall32.fr\/ecole\/faq\/comment-les-entreprises-ont-elle-pris-part-au-projet-hall-32\/","name":"Comment les entreprises ont-elle pris part au projet Hall 32 ? - Ecole","isPartOf":{"@id":"https:\/\/www.hall32.fr\/ecole\/#website"},"datePublished":"2023-02-26T07:25:36+00:00","dateModified":"2023-02-26T07:25:37+00:00","breadcrumb":{"@id":"https:\/\/www.hall32.fr\/ecole\/faq\/comment-les-entreprises-ont-elle-pris-part-au-projet-hall-32\/#breadcrumb"},"inLanguage":"fr-FR","potentialAction":[{"@type":"ReadAction","target":["https:\/\/www.hall32.fr\/ecole\/faq\/comment-les-entreprises-ont-elle-pris-part-au-projet-hall-32\/"]}]},{"@type":"BreadcrumbList","@id":"https:\/\/www.hall32.fr\/ecole\/faq\/comment-les-entreprises-ont-elle-pris-part-au-projet-hall-32\/#breadcrumb","itemListElement":[{"@type":"ListItem","position":1,"name":"FAQ","item":"https:\/\/www.hall32.fr\/ecole\/toutes-nos-faqs\/"},{"@type":"ListItem","position":2,"name":"Entreprises","item":"https:\/\/www.hall32.fr\/ecole\/categorie-faq\/entreprises\/"},{"@type":"ListItem","position":3,"name":"Comment les entreprises ont-elle pris part au projet Hall 32 ?"}]},{"@type":"WebSite","@id":"https:\/\/www.hall32.fr\/ecole\/#website","url":"https:\/\/www.hall32.fr\/ecole\/","name":"Ecole","description":"","potentialAction":[{"@type":"SearchAction","target":{"@type":"EntryPoint","urlTemplate":"https:\/\/www.hall32.fr\/ecole\/?s={search_term_string}"},"query-input":{"@type":"PropertyValueSpecification","valueRequired":true,"valueName":"search_term_string"}}],"inLanguage":"fr-FR"}]}},"_links":{"self":[{"href":"https:\/\/www.hall32.fr\/ecole\/wp-json\/wp\/v2\/faq\/2951","targetHints":{"allow":["GET"]}}],"collection":[{"href":"https:\/\/www.hall32.fr\/ecole\/wp-json\/wp\/v2\/faq"}],"about":[{"href":"https:\/\/www.hall32.fr\/ecole\/wp-json\/wp\/v2\/types\/faq"}],"wp:attachment":[{"href":"https:\/\/www.hall32.fr\/ecole\/wp-json\/wp\/v2\/media?parent=2951"}],"wp:term":[{"taxonomy":"periscope_categorie_tax","embeddable":true,"href":"https:\/\/www.hall32.fr\/ecole\/wp-json\/wp\/v2\/periscope_categorie_tax?post=2951"}],"curies":[{"name":"wp","href":"https:\/\/api.w.org\/{rel}","templated":true}]}}

<div class="espace 🚀 mb-7 mb-lg-7 " data-aos="fade-up">
        <div class="container">
<p>Grâce aux membres fondateurs, les entreprises ont été sollicités dès le lancement du projet. Elles sont aujourd’hui au cœur de l’écosystème de Hall 32 et sont en contact permanent avec notre équipe pédagogique et l’ensemble de nos services.</p>
 </div>
        </div>

<div class="espace 🚀 mb-7 mb-lg-7 " data-aos="fade-up">
        <div class="container">
<p>Elles interviennent sur plusieurs éléments&nbsp;:</p>
 </div>
        </div>

<div class="espace 🚀 mb-7 mb-lg-7 " data-aos="fade-up">
        <div class="container">
<ul class="wp-block-list">
<li>L’identification des métiers en tension et en devenir pour lesquelles le besoin de formation est important</li>



<li>L’identification des compétences en termes d’alternant et de salariés dans une entreprise industrielle</li>



<li>L’évaluation des compétences des jeunes qu’elles accueillent tout au long de leur parcours de formation.</li>
</ul>
 </div>
        </div>

<p>Grâce aux membres fondateurs, les entreprises ont été sollicités dès le lancement du projet. Elles sont aujourd’hui au cœur de l’écosystème de Hall 32 et sont en contact permanent avec notre équipe pédagogique et l’ensemble de nos services. Elles interviennent sur plusieurs éléments&nbsp;:</p>

<!-- This site is optimized with the Yoast SEO plugin v25.9 - https://yoast.com/wordpress/plugins/seo/ -->
<title>Comment les entreprises ont-elle pris part au projet Hall 32 ? - Ecole</title>
<meta name="robots" content="index, follow, max-snippet:-1, max-image-preview:large, max-video-preview:-1" />
<link rel="canonical" href="https://www.hall32.fr/ecole/faq/comment-les-entreprises-ont-elle-pris-part-au-projet-hall-32/" />
<meta property="og:locale" content="fr_FR" />
<meta property="og:type" content="article" />
<meta property="og:title" content="Comment les entreprises ont-elle pris part au projet Hall 32 ? - Ecole" />
<meta property="og:description" content="Grâce aux membres fondateurs, les entreprises ont été sollicités dès le lancement du projet. Elles sont aujourd’hui au cœur de l’écosystème de Hall 32 et sont en contact permanent avec notre équipe pédagogique et l’ensemble de nos services. Elles interviennent sur plusieurs éléments&nbsp;:" />
<meta property="og:url" content="https://www.hall32.fr/ecole/faq/comment-les-entreprises-ont-elle-pris-part-au-projet-hall-32/" />
<meta property="og:site_name" content="Ecole" />
<meta property="article:modified_time" content="2023-02-26T07:25:37+00:00" />
<meta name="twitter:card" content="summary_large_image" />
<meta name="twitter:label1" content="Durée de lecture estimée" />
	<meta name="twitter:data1" content="1 minute" />
<script type="application/ld+json" class="yoast-schema-graph">{"@context":"https://schema.org","@graph":[{"@type":"WebPage","@id":"https://www.hall32.fr/ecole/faq/comment-les-entreprises-ont-elle-pris-part-au-projet-hall-32/","url":"https://www.hall32.fr/ecole/faq/comment-les-entreprises-ont-elle-pris-part-au-projet-hall-32/","name":"Comment les entreprises ont-elle pris part au projet Hall 32 ? - Ecole","isPartOf":{"@id":"https://www.hall32.fr/ecole/#website"},"datePublished":"2023-02-26T07:25:36+00:00","dateModified":"2023-02-26T07:25:37+00:00","breadcrumb":{"@id":"https://www.hall32.fr/ecole/faq/comment-les-entreprises-ont-elle-pris-part-au-projet-hall-32/#breadcrumb"},"inLanguage":"fr-FR","potentialAction":[{"@type":"ReadAction","target":["https://www.hall32.fr/ecole/faq/comment-les-entreprises-ont-elle-pris-part-au-projet-hall-32/"]}]},{"@type":"BreadcrumbList","@id":"https://www.hall32.fr/ecole/faq/comment-les-entreprises-ont-elle-pris-part-au-projet-hall-32/#breadcrumb","itemListElement":[{"@type":"ListItem","position":1,"name":"FAQ","item":"https://www.hall32.fr/ecole/toutes-nos-faqs/"},{"@type":"ListItem","position":2,"name":"Entreprises","item":"https://www.hall32.fr/ecole/categorie-faq/entreprises/"},{"@type":"ListItem","position":3,"name":"Comment les entreprises ont-elle pris part au projet Hall 32 ?"}]},{"@type":"WebSite","@id":"https://www.hall32.fr/ecole/#website","url":"https://www.hall32.fr/ecole/","name":"Ecole","description":"","potentialAction":[{"@type":"SearchAction","target":{"@type":"EntryPoint","urlTemplate":"https://www.hall32.fr/ecole/?s={search_term_string}"},"query-input":{"@type":"PropertyValueSpecification","valueRequired":true,"valueName":"search_term_string"}}],"inLanguage":"fr-FR"}]}</script>
<!-- / Yoast SEO plugin. -->

Grâce aux membres fondateurs, les entreprises ont été sollicités dès le lancement du projet. Elles sont aujourd’hui au cœur de l’écosystème de Hall 32 et sont en contact permanent avec notre équipe pédagogique et l’ensemble de nos services. Elles interviennent sur plusieurs éléments&nbsp;:
