{"id":2955,"date":"2023-02-26T08:29:23","date_gmt":"2023-02-26T07:29:23","guid":{"rendered":"https:\/\/www.hall32.fr\/ecole\/?post_type=faq&#038;p=2955"},"modified":"2023-02-26T08:29:24","modified_gmt":"2023-02-26T07:29:24","slug":"quelles-sont-les-horaires-douverture-de-hall-32","status":"publish","type":"faq","link":"https:\/\/www.hall32.fr\/ecole\/faq\/quelles-sont-les-horaires-douverture-de-hall-32\/","title":{"rendered":"Quelles sont les horaires d&rsquo;ouverture de Hall 32 ?"},"content":{"rendered":"<div class=\"espace \ud83d\ude80 mb-7 mb-lg-7 \" data-aos=\"fade-up\">\n        <div class=\"container\">\n<p>Hall 32 accueille les jeunes en formation du lundi au vendredi, de 7h30 \u00e0 17h30.<br>Hall 32, sauf \u00e9v\u00e9nement, n\u2019accueille pas de public les weekends.<\/p>\n <\/div>\n        <\/div>","protected":false},"excerpt":{"rendered":"<p>Hall 32 accueille les jeunes en formation du lundi au vendredi, de 7h30 \u00e0 17h30.Hall 32, sauf \u00e9v\u00e9nement, n\u2019accueille pas de public les weekends.<\/p>\n","protected":false},"featured_media":0,"parent":0,"menu_order":0,"template":"","periscope_categorie_tax":[10,13],"class_list":["post-2955","faq","type-faq","status-publish","hentry","periscope_categorie_tax-general","periscope_categorie_tax-locaux"],"acf":[],"yoast_head":"<!-- This site is optimized with the Yoast SEO plugin v25.9 - https:\/\/yoast.com\/wordpress\/plugins\/seo\/ -->\n<title>Quelles sont les horaires d&#039;ouverture de Hall 32 ? - Ecole<\/title>\n<meta name=\"robots\" content=\"index, follow, max-snippet:-1, max-image-preview:large, max-video-preview:-1\" \/>\n<link rel=\"canonical\" href=\"https:\/\/www.hall32.fr\/ecole\/faq\/quelles-sont-les-horaires-douverture-de-hall-32\/\" \/>\n<meta property=\"og:locale\" content=\"fr_FR\" \/>\n<meta property=\"og:type\" content=\"article\" \/>\n<meta property=\"og:title\" content=\"Quelles sont les horaires d&#039;ouverture de Hall 32 ? - Ecole\" \/>\n<meta property=\"og:description\" content=\"Hall 32 accueille les jeunes en formation du lundi au vendredi, de 7h30 \u00e0 17h30.Hall 32, sauf \u00e9v\u00e9nement, n\u2019accueille pas de public les weekends.\" \/>\n<meta property=\"og:url\" content=\"https:\/\/www.hall32.fr\/ecole\/faq\/quelles-sont-les-horaires-douverture-de-hall-32\/\" \/>\n<meta property=\"og:site_name\" content=\"Ecole\" \/>\n<meta property=\"article:modified_time\" content=\"2023-02-26T07:29:24+00:00\" \/>\n<meta name=\"twitter:card\" content=\"summary_large_image\" \/>\n<meta name=\"twitter:label1\" content=\"Dur\u00e9e de lecture estim\u00e9e\" \/>\n\t<meta name=\"twitter:data1\" content=\"1 minute\" \/>\n<script type=\"application\/ld+json\" class=\"yoast-schema-graph\">{\"@context\":\"https:\/\/schema.org\",\"@graph\":[{\"@type\":\"WebPage\",\"@id\":\"https:\/\/www.hall32.fr\/ecole\/faq\/quelles-sont-les-horaires-douverture-de-hall-32\/\",\"url\":\"https:\/\/www.hall32.fr\/ecole\/faq\/quelles-sont-les-horaires-douverture-de-hall-32\/\",\"name\":\"Quelles sont les horaires d'ouverture de Hall 32 ? - Ecole\",\"isPartOf\":{\"@id\":\"https:\/\/www.hall32.fr\/ecole\/#website\"},\"datePublished\":\"2023-02-26T07:29:23+00:00\",\"dateModified\":\"2023-02-26T07:29:24+00:00\",\"breadcrumb\":{\"@id\":\"https:\/\/www.hall32.fr\/ecole\/faq\/quelles-sont-les-horaires-douverture-de-hall-32\/#breadcrumb\"},\"inLanguage\":\"fr-FR\",\"potentialAction\":[{\"@type\":\"ReadAction\",\"target\":[\"https:\/\/www.hall32.fr\/ecole\/faq\/quelles-sont-les-horaires-douverture-de-hall-32\/\"]}]},{\"@type\":\"BreadcrumbList\",\"@id\":\"https:\/\/www.hall32.fr\/ecole\/faq\/quelles-sont-les-horaires-douverture-de-hall-32\/#breadcrumb\",\"itemListElement\":[{\"@type\":\"ListItem\",\"position\":1,\"name\":\"FAQ\",\"item\":\"https:\/\/www.hall32.fr\/ecole\/toutes-nos-faqs\/\"},{\"@type\":\"ListItem\",\"position\":2,\"name\":\"G\u00e9n\u00e9ral\",\"item\":\"https:\/\/www.hall32.fr\/ecole\/categorie-faq\/general\/\"},{\"@type\":\"ListItem\",\"position\":3,\"name\":\"Quelles sont les horaires d&rsquo;ouverture de Hall 32 ?\"}]},{\"@type\":\"WebSite\",\"@id\":\"https:\/\/www.hall32.fr\/ecole\/#website\",\"url\":\"https:\/\/www.hall32.fr\/ecole\/\",\"name\":\"Ecole\",\"description\":\"\",\"potentialAction\":[{\"@type\":\"SearchAction\",\"target\":{\"@type\":\"EntryPoint\",\"urlTemplate\":\"https:\/\/www.hall32.fr\/ecole\/?s={search_term_string}\"},\"query-input\":{\"@type\":\"PropertyValueSpecification\",\"valueRequired\":true,\"valueName\":\"search_term_string\"}}],\"inLanguage\":\"fr-FR\"}]}<\/script>\n<!-- \/ Yoast SEO plugin. -->","yoast_head_json":{"title":"Quelles sont les horaires d'ouverture de Hall 32 ? - Ecole","robots":{"index":"index","follow":"follow","max-snippet":"max-snippet:-1","max-image-preview":"max-image-preview:large","max-video-preview":"max-video-preview:-1"},"canonical":"https:\/\/www.hall32.fr\/ecole\/faq\/quelles-sont-les-horaires-douverture-de-hall-32\/","og_locale":"fr_FR","og_type":"article","og_title":"Quelles sont les horaires d'ouverture de Hall 32 ? - Ecole","og_description":"Hall 32 accueille les jeunes en formation du lundi au vendredi, de 7h30 \u00e0 17h30.Hall 32, sauf \u00e9v\u00e9nement, n\u2019accueille pas de public les weekends.","og_url":"https:\/\/www.hall32.fr\/ecole\/faq\/quelles-sont-les-horaires-douverture-de-hall-32\/","og_site_name":"Ecole","article_modified_time":"2023-02-26T07:29:24+00:00","twitter_card":"summary_large_image","twitter_misc":{"Dur\u00e9e de lecture estim\u00e9e":"1 minute"},"schema":{"@context":"https:\/\/schema.org","@graph":[{"@type":"WebPage","@id":"https:\/\/www.hall32.fr\/ecole\/faq\/quelles-sont-les-horaires-douverture-de-hall-32\/","url":"https:\/\/www.hall32.fr\/ecole\/faq\/quelles-sont-les-horaires-douverture-de-hall-32\/","name":"Quelles sont les horaires d'ouverture de Hall 32 ? - Ecole","isPartOf":{"@id":"https:\/\/www.hall32.fr\/ecole\/#website"},"datePublished":"2023-02-26T07:29:23+00:00","dateModified":"2023-02-26T07:29:24+00:00","breadcrumb":{"@id":"https:\/\/www.hall32.fr\/ecole\/faq\/quelles-sont-les-horaires-douverture-de-hall-32\/#breadcrumb"},"inLanguage":"fr-FR","potentialAction":[{"@type":"ReadAction","target":["https:\/\/www.hall32.fr\/ecole\/faq\/quelles-sont-les-horaires-douverture-de-hall-32\/"]}]},{"@type":"BreadcrumbList","@id":"https:\/\/www.hall32.fr\/ecole\/faq\/quelles-sont-les-horaires-douverture-de-hall-32\/#breadcrumb","itemListElement":[{"@type":"ListItem","position":1,"name":"FAQ","item":"https:\/\/www.hall32.fr\/ecole\/toutes-nos-faqs\/"},{"@type":"ListItem","position":2,"name":"G\u00e9n\u00e9ral","item":"https:\/\/www.hall32.fr\/ecole\/categorie-faq\/general\/"},{"@type":"ListItem","position":3,"name":"Quelles sont les horaires d&rsquo;ouverture de Hall 32 ?"}]},{"@type":"WebSite","@id":"https:\/\/www.hall32.fr\/ecole\/#website","url":"https:\/\/www.hall32.fr\/ecole\/","name":"Ecole","description":"","potentialAction":[{"@type":"SearchAction","target":{"@type":"EntryPoint","urlTemplate":"https:\/\/www.hall32.fr\/ecole\/?s={search_term_string}"},"query-input":{"@type":"PropertyValueSpecification","valueRequired":true,"valueName":"search_term_string"}}],"inLanguage":"fr-FR"}]}},"_links":{"self":[{"href":"https:\/\/www.hall32.fr\/ecole\/wp-json\/wp\/v2\/faq\/2955","targetHints":{"allow":["GET"]}}],"collection":[{"href":"https:\/\/www.hall32.fr\/ecole\/wp-json\/wp\/v2\/faq"}],"about":[{"href":"https:\/\/www.hall32.fr\/ecole\/wp-json\/wp\/v2\/types\/faq"}],"wp:attachment":[{"href":"https:\/\/www.hall32.fr\/ecole\/wp-json\/wp\/v2\/media?parent=2955"}],"wp:term":[{"taxonomy":"periscope_categorie_tax","embeddable":true,"href":"https:\/\/www.hall32.fr\/ecole\/wp-json\/wp\/v2\/periscope_categorie_tax?post=2955"}],"curies":[{"name":"wp","href":"https:\/\/api.w.org\/{rel}","templated":true}]}}

<div class="espace 🚀 mb-7 mb-lg-7 " data-aos="fade-up">
        <div class="container">
<p>Hall 32 accueille les jeunes en formation du lundi au vendredi, de 7h30 à 17h30.<br>Hall 32, sauf événement, n’accueille pas de public les weekends.</p>
 </div>
        </div>

<p>Hall 32 accueille les jeunes en formation du lundi au vendredi, de 7h30 à 17h30.Hall 32, sauf événement, n’accueille pas de public les weekends.</p>

<!-- This site is optimized with the Yoast SEO plugin v25.9 - https://yoast.com/wordpress/plugins/seo/ -->
<title>Quelles sont les horaires d&#039;ouverture de Hall 32 ? - Ecole</title>
<meta name="robots" content="index, follow, max-snippet:-1, max-image-preview:large, max-video-preview:-1" />
<link rel="canonical" href="https://www.hall32.fr/ecole/faq/quelles-sont-les-horaires-douverture-de-hall-32/" />
<meta property="og:locale" content="fr_FR" />
<meta property="og:type" content="article" />
<meta property="og:title" content="Quelles sont les horaires d&#039;ouverture de Hall 32 ? - Ecole" />
<meta property="og:description" content="Hall 32 accueille les jeunes en formation du lundi au vendredi, de 7h30 à 17h30.Hall 32, sauf événement, n’accueille pas de public les weekends." />
<meta property="og:url" content="https://www.hall32.fr/ecole/faq/quelles-sont-les-horaires-douverture-de-hall-32/" />
<meta property="og:site_name" content="Ecole" />
<meta property="article:modified_time" content="2023-02-26T07:29:24+00:00" />
<meta name="twitter:card" content="summary_large_image" />
<meta name="twitter:label1" content="Durée de lecture estimée" />
	<meta name="twitter:data1" content="1 minute" />
<script type="application/ld+json" class="yoast-schema-graph">{"@context":"https://schema.org","@graph":[{"@type":"WebPage","@id":"https://www.hall32.fr/ecole/faq/quelles-sont-les-horaires-douverture-de-hall-32/","url":"https://www.hall32.fr/ecole/faq/quelles-sont-les-horaires-douverture-de-hall-32/","name":"Quelles sont les horaires d'ouverture de Hall 32 ? - Ecole","isPartOf":{"@id":"https://www.hall32.fr/ecole/#website"},"datePublished":"2023-02-26T07:29:23+00:00","dateModified":"2023-02-26T07:29:24+00:00","breadcrumb":{"@id":"https://www.hall32.fr/ecole/faq/quelles-sont-les-horaires-douverture-de-hall-32/#breadcrumb"},"inLanguage":"fr-FR","potentialAction":[{"@type":"ReadAction","target":["https://www.hall32.fr/ecole/faq/quelles-sont-les-horaires-douverture-de-hall-32/"]}]},{"@type":"BreadcrumbList","@id":"https://www.hall32.fr/ecole/faq/quelles-sont-les-horaires-douverture-de-hall-32/#breadcrumb","itemListElement":[{"@type":"ListItem","position":1,"name":"FAQ","item":"https://www.hall32.fr/ecole/toutes-nos-faqs/"},{"@type":"ListItem","position":2,"name":"Général","item":"https://www.hall32.fr/ecole/categorie-faq/general/"},{"@type":"ListItem","position":3,"name":"Quelles sont les horaires d&rsquo;ouverture de Hall 32 ?"}]},{"@type":"WebSite","@id":"https://www.hall32.fr/ecole/#website","url":"https://www.hall32.fr/ecole/","name":"Ecole","description":"","potentialAction":[{"@type":"SearchAction","target":{"@type":"EntryPoint","urlTemplate":"https://www.hall32.fr/ecole/?s={search_term_string}"},"query-input":{"@type":"PropertyValueSpecification","valueRequired":true,"valueName":"search_term_string"}}],"inLanguage":"fr-FR"}]}</script>
<!-- / Yoast SEO plugin. -->

Hall 32 accueille les jeunes en formation du lundi au vendredi, de 7h30 à 17h30.Hall 32, sauf événement, n’accueille pas de public les weekends.

Général
