{"id":3520,"date":"2023-07-26T16:22:18","date_gmt":"2023-07-26T14:22:18","guid":{"rendered":"https:\/\/www.hall32.fr\/ecole\/?page_id=3520"},"modified":"2023-07-26T16:22:19","modified_gmt":"2023-07-26T14:22:19","slug":"metiers-de-lindustrie","status":"publish","type":"page","link":"https:\/\/www.hall32.fr\/ecole\/metiers-de-lindustrie\/","title":{"rendered":"M\u00e9tiers de l&rsquo;industrie"},"content":{"rendered":"<!-- START OF : Composant : block-periscope-theme-section-composant-lanceur-3-col.php -->\n<div class=\"espace \ud83d\ude80 mb-3 mb-lg-5\" data-aos=\"fade-up\">\n\t<div class=\"container\">\n\t\t<div class=\"row\">\n\t\t\t\t\t<div class=\"col-lg-4 mb-4 mb-lg-9\">\n\t\t\t\t<div class=\"card-metier position-relative d-flex card-metier--info\">\n\t\t<div class=\"card-metier__img position-absolute w-100 h-100\">\n\t\t<img decoding=\"async\" class=\"w-100 h-100 of-cover op-center\" src=\"https:\/\/www.hall32.fr\/ecole\/wp-content\/uploads\/sites\/2\/2023\/07\/100DPI-Photos-site-348x498Plan-de-travail-8.jpg\" alt=\"\"\n\t\t\tloading=\"lazy\" \/>\n\t<\/div>\n\t\t<div class=\"card-metier__body position-relative mt-auto mt-lg-0 pt-lg-12 pb-4 pb-lg-5 d-lg-flex flex-column align-items-start\">\n\t\t\t\t<div class=\"mb-auto\">\n\t\t\t<div class=\"h3\">Electricien<\/div>\n\t\t<\/div>\n\t\t\t\t\t\t<p class=\"text-white my-3\">Responsable du c\u00e2blage, du diagnostic des pannes et de la mise en place de mesures de s\u00e9curit\u00e9, l&#039;\u00e9lectricien est qualifi\u00e9 dans le domaine de l&#039;\u00e9lectricit\u00e9.<\/p>\n\t\t\t\t\t\t<a \thref=\"https:\/\/www.hall32.fr\/ecole\/le-metier-delectricien-expertise-dans-les-installations-electriques\/\"\n\t\t\ttarget=\"\" \n\t\t\tclass=\"btn btn-light\"\n\t\t\tdata-gtm =\"\"\n\t\t\tdata-name=\"\">\n\t\t\tJe d\u00e9couvre\t\t<\/a>\n\t\t\t<\/div>\n<\/div>\n\t\t\t<\/div>\n\t\t\t\t\t\t<div class=\"col-lg-4 mb-4 mb-lg-9\">\n\t\t\t\t<div class=\"card-metier position-relative d-flex card-metier--info\">\n\t\t<div class=\"card-metier__img position-absolute w-100 h-100\">\n\t\t<img decoding=\"async\" class=\"w-100 h-100 of-cover op-center\" src=\"https:\/\/www.hall32.fr\/ecole\/wp-content\/uploads\/sites\/2\/2023\/07\/100DPI-Photos-site-348x498Plan-de-travail-10.jpg\" alt=\"\"\n\t\t\tloading=\"lazy\" \/>\n\t<\/div>\n\t\t<div class=\"card-metier__body position-relative mt-auto mt-lg-0 pt-lg-12 pb-4 pb-lg-5 d-lg-flex flex-column align-items-start\">\n\t\t\t\t<div class=\"mb-auto\">\n\t\t\t<div class=\"h3\">Automaticien<\/div>\n\t\t<\/div>\n\t\t\t\t\t\t<p class=\"text-white my-3\">L&#039;expert en automatisation industrielle programme, installe et assure la maintenance pour l&#039;industrie du futur.<\/p>\n\t\t\t\t\t\t<a \thref=\"https:\/\/www.hall32.fr\/ecole\/metier-dautomaticien-etudes-formations-competences-salaire-hall32\/\"\n\t\t\ttarget=\"\" \n\t\t\tclass=\"btn btn-light\"\n\t\t\tdata-gtm =\"\"\n\t\t\tdata-name=\"\">\n\t\t\tJe d\u00e9couvre\t\t<\/a>\n\t\t\t<\/div>\n<\/div>\n\t\t\t<\/div>\n\t\t\t\t\t\t<div class=\"col-lg-4 mb-4 mb-lg-9\">\n\t\t\t\t<div class=\"card-metier position-relative d-flex card-metier--info\">\n\t\t<div class=\"card-metier__img position-absolute w-100 h-100\">\n\t\t<img decoding=\"async\" class=\"w-100 h-100 of-cover op-center\" src=\"https:\/\/www.hall32.fr\/ecole\/wp-content\/uploads\/sites\/2\/2023\/07\/100DPI-Photos-site-348x498Plan-de-travail-12.jpg\" alt=\"Usineur plateau technique hall 32\"\n\t\t\tloading=\"lazy\" \/>\n\t<\/div>\n\t\t<div class=\"card-metier__body position-relative mt-auto mt-lg-0 pt-lg-12 pb-4 pb-lg-5 d-lg-flex flex-column align-items-start\">\n\t\t\t\t<div class=\"mb-auto\">\n\t\t\t<div class=\"h3\">Usineur<\/div>\n\t\t<\/div>\n\t\t\t\t\t\t<p class=\"text-white my-3\">Sp\u00e9cialiste dans la fabrication des pi\u00e8ces industrielles, l&#039;usineur utilise diverses machines-outils pour usiner par enl\u00e8vement de mati\u00e8re. <\/p>\n\t\t\t\t\t\t<a \thref=\"https:\/\/www.hall32.fr\/ecole\/tout-savoir-sur-le-metier-dusineur\/\"\n\t\t\ttarget=\"\" \n\t\t\tclass=\"btn btn-light\"\n\t\t\tdata-gtm =\"\"\n\t\t\tdata-name=\"\">\n\t\t\tJe d\u00e9couvre\t\t<\/a>\n\t\t\t<\/div>\n<\/div>\n\t\t\t<\/div>\n\t\t\t\t\t\t<div class=\"col-lg-4 mb-4 mb-lg-9\">\n\t\t\t\t<div class=\"card-metier position-relative d-flex card-metier--info\">\n\t\t<div class=\"card-metier__img position-absolute w-100 h-100\">\n\t\t<img decoding=\"async\" class=\"w-100 h-100 of-cover op-center\" src=\"https:\/\/www.hall32.fr\/ecole\/wp-content\/uploads\/sites\/2\/2023\/07\/100DPI-Photos-site-348x498Plan-de-travail-9.jpg\" alt=\"Pilote de ligne de production Bac Pro PLP plateau technique hall 32\"\n\t\t\tloading=\"lazy\" \/>\n\t<\/div>\n\t\t<div class=\"card-metier__body position-relative mt-auto mt-lg-0 pt-lg-12 pb-4 pb-lg-5 d-lg-flex flex-column align-items-start\">\n\t\t\t\t<div class=\"mb-auto\">\n\t\t\t<div class=\"h3\">Conducteur de ligne<\/div>\n\t\t<\/div>\n\t\t\t\t\t\t<p class=\"text-white my-3\">Polyvalent, il assure le bon fonctionnement des machines en surveillant, pilotant et effectuant des op\u00e9rations de maintenance pr\u00e9ventive. <\/p>\n\t\t\t\t\t\t<a \thref=\"https:\/\/www.hall32.fr\/ecole\/fiche-metier-de-conducteurtrice-de-ligne-de-production\/\"\n\t\t\ttarget=\"\" \n\t\t\tclass=\"btn btn-light\"\n\t\t\tdata-gtm =\"\"\n\t\t\tdata-name=\"\">\n\t\t\tJe d\u00e9couvre\t\t<\/a>\n\t\t\t<\/div>\n<\/div>\n\t\t\t<\/div>\n\t\t\t\t\t\t<div class=\"col-lg-4 mb-4 mb-lg-9\">\n\t\t\t\t<div class=\"card-metier position-relative d-flex card-metier--info\">\n\t\t<div class=\"card-metier__img position-absolute w-100 h-100\">\n\t\t<img decoding=\"async\" class=\"w-100 h-100 of-cover op-center\" src=\"https:\/\/www.hall32.fr\/ecole\/wp-content\/uploads\/sites\/2\/2023\/07\/100DPI-Photos-site-348x498Plan-de-travail-11.jpg\" alt=\"Apprenant BTS MSP plateau technique hall 32\"\n\t\t\tloading=\"lazy\" \/>\n\t<\/div>\n\t\t<div class=\"card-metier__body position-relative mt-auto mt-lg-0 pt-lg-12 pb-4 pb-lg-5 d-lg-flex flex-column align-items-start\">\n\t\t\t\t<div class=\"mb-auto\">\n\t\t\t<div class=\"h3\">Technicien de maintenance<\/div>\n\t\t<\/div>\n\t\t\t\t\t\t<p class=\"text-white my-3\">R\u00f4le essentiel dans l&#039;industrie, il assure le bon fonctionnement des \u00e9quipements de l&#039;entreprise, diagnostique les pannes qui surviennent. <\/p>\n\t\t\t\t\t\t<a \thref=\"https:\/\/www.hall32.fr\/ecole\/metier-de-technicien-de-maintenance-etudes-formations-competences-salaires-hall32\/\"\n\t\t\ttarget=\"\" \n\t\t\tclass=\"btn btn-light\"\n\t\t\tdata-gtm =\"\"\n\t\t\tdata-name=\"\">\n\t\t\tJe d\u00e9couvre\t\t<\/a>\n\t\t\t<\/div>\n<\/div>\n\t\t\t<\/div>\n\t\t\t\t\t<\/div>\n\t<\/div>\n<\/div>\n<!-- END OF : Composant : block-periscope-theme-section-composant-lanceur-3-col.php -->\n","protected":false},"excerpt":{"rendered":"<p>250 000 emplois sont propos\u00e9s chaque ann\u00e9e dans l\u2019industrie, pourquoi pas toi ? D\u00e9couvre 5 m\u00e9tiers de l\u2019industrie !<\/p>\n","protected":false},"author":11,"featured_media":3620,"parent":0,"menu_order":1,"comment_status":"closed","ping_status":"closed","template":"template-carrefour-niv2.php","meta":{"_acf_changed":false,"footnotes":""},"class_list":["post-3520","page","type-page","status-publish","has-post-thumbnail","hentry"],"acf":[],"yoast_head":"<!-- This site is optimized with the Yoast SEO plugin v25.9 - https:\/\/yoast.com\/wordpress\/plugins\/seo\/ -->\n<title>M\u00e9tiers de l&#039;industrie - Ecole<\/title>\n<meta name=\"robots\" content=\"index, follow, max-snippet:-1, max-image-preview:large, max-video-preview:-1\" \/>\n<link rel=\"canonical\" href=\"https:\/\/www.hall32.fr\/ecole\/metiers-de-lindustrie\/\" \/>\n<meta property=\"og:locale\" content=\"fr_FR\" \/>\n<meta property=\"og:type\" content=\"article\" \/>\n<meta property=\"og:title\" content=\"M\u00e9tiers de l&#039;industrie - Ecole\" \/>\n<meta property=\"og:description\" content=\"250 000 emplois sont propos\u00e9s chaque ann\u00e9e dans l\u2019industrie, pourquoi pas toi ? D\u00e9couvre 5 m\u00e9tiers de l\u2019industrie !\" \/>\n<meta property=\"og:url\" content=\"https:\/\/www.hall32.fr\/ecole\/metiers-de-lindustrie\/\" \/>\n<meta property=\"og:site_name\" content=\"Ecole\" \/>\n<meta property=\"article:modified_time\" content=\"2023-07-26T14:22:19+00:00\" \/>\n<meta property=\"og:image\" content=\"https:\/\/www.hall32.fr\/ecole\/wp-content\/uploads\/sites\/2\/2023\/07\/100DPI-Photos-site-750x639Plan-de-travail-4.jpg\" \/>\n\t<meta property=\"og:image:width\" content=\"1042\" \/>\n\t<meta property=\"og:image:height\" content=\"888\" \/>\n\t<meta property=\"og:image:type\" content=\"image\/jpeg\" \/>\n<meta name=\"twitter:card\" content=\"summary_large_image\" \/>\n<script type=\"application\/ld+json\" class=\"yoast-schema-graph\">{\"@context\":\"https:\/\/schema.org\",\"@graph\":[{\"@type\":\"WebPage\",\"@id\":\"https:\/\/www.hall32.fr\/ecole\/metiers-de-lindustrie\/\",\"url\":\"https:\/\/www.hall32.fr\/ecole\/metiers-de-lindustrie\/\",\"name\":\"M\u00e9tiers de l'industrie - Ecole\",\"isPartOf\":{\"@id\":\"https:\/\/www.hall32.fr\/ecole\/#website\"},\"primaryImageOfPage\":{\"@id\":\"https:\/\/www.hall32.fr\/ecole\/metiers-de-lindustrie\/#primaryimage\"},\"image\":{\"@id\":\"https:\/\/www.hall32.fr\/ecole\/metiers-de-lindustrie\/#primaryimage\"},\"thumbnailUrl\":\"https:\/\/www.hall32.fr\/ecole\/wp-content\/uploads\/sites\/2\/2023\/07\/100DPI-Photos-site-750x639Plan-de-travail-4.jpg\",\"datePublished\":\"2023-07-26T14:22:18+00:00\",\"dateModified\":\"2023-07-26T14:22:19+00:00\",\"breadcrumb\":{\"@id\":\"https:\/\/www.hall32.fr\/ecole\/metiers-de-lindustrie\/#breadcrumb\"},\"inLanguage\":\"fr-FR\",\"potentialAction\":[{\"@type\":\"ReadAction\",\"target\":[\"https:\/\/www.hall32.fr\/ecole\/metiers-de-lindustrie\/\"]}]},{\"@type\":\"ImageObject\",\"inLanguage\":\"fr-FR\",\"@id\":\"https:\/\/www.hall32.fr\/ecole\/metiers-de-lindustrie\/#primaryimage\",\"url\":\"https:\/\/www.hall32.fr\/ecole\/wp-content\/uploads\/sites\/2\/2023\/07\/100DPI-Photos-site-750x639Plan-de-travail-4.jpg\",\"contentUrl\":\"https:\/\/www.hall32.fr\/ecole\/wp-content\/uploads\/sites\/2\/2023\/07\/100DPI-Photos-site-750x639Plan-de-travail-4.jpg\",\"width\":1042,\"height\":888,\"caption\":\"Formation Bac Pro MSPC plateau technique alternance hall 32\"},{\"@type\":\"BreadcrumbList\",\"@id\":\"https:\/\/www.hall32.fr\/ecole\/metiers-de-lindustrie\/#breadcrumb\",\"itemListElement\":[{\"@type\":\"ListItem\",\"position\":1,\"name\":\"Accueil\",\"item\":\"https:\/\/www.hall32.fr\/ecole\/\"},{\"@type\":\"ListItem\",\"position\":2,\"name\":\"M\u00e9tiers de l&#8217;industrie\"}]},{\"@type\":\"WebSite\",\"@id\":\"https:\/\/www.hall32.fr\/ecole\/#website\",\"url\":\"https:\/\/www.hall32.fr\/ecole\/\",\"name\":\"Ecole\",\"description\":\"\",\"potentialAction\":[{\"@type\":\"SearchAction\",\"target\":{\"@type\":\"EntryPoint\",\"urlTemplate\":\"https:\/\/www.hall32.fr\/ecole\/?s={search_term_string}\"},\"query-input\":{\"@type\":\"PropertyValueSpecification\",\"valueRequired\":true,\"valueName\":\"search_term_string\"}}],\"inLanguage\":\"fr-FR\"}]}<\/script>\n<!-- \/ Yoast SEO plugin. -->","yoast_head_json":{"title":"M\u00e9tiers de l'industrie - Ecole","robots":{"index":"index","follow":"follow","max-snippet":"max-snippet:-1","max-image-preview":"max-image-preview:large","max-video-preview":"max-video-preview:-1"},"canonical":"https:\/\/www.hall32.fr\/ecole\/metiers-de-lindustrie\/","og_locale":"fr_FR","og_type":"article","og_title":"M\u00e9tiers de l'industrie - Ecole","og_description":"250 000 emplois sont propos\u00e9s chaque ann\u00e9e dans l\u2019industrie, pourquoi pas toi ? D\u00e9couvre 5 m\u00e9tiers de l\u2019industrie !","og_url":"https:\/\/www.hall32.fr\/ecole\/metiers-de-lindustrie\/","og_site_name":"Ecole","article_modified_time":"2023-07-26T14:22:19+00:00","og_image":[{"width":1042,"height":888,"url":"https:\/\/www.hall32.fr\/ecole\/wp-content\/uploads\/sites\/2\/2023\/07\/100DPI-Photos-site-750x639Plan-de-travail-4.jpg","type":"image\/jpeg"}],"twitter_card":"summary_large_image","schema":{"@context":"https:\/\/schema.org","@graph":[{"@type":"WebPage","@id":"https:\/\/www.hall32.fr\/ecole\/metiers-de-lindustrie\/","url":"https:\/\/www.hall32.fr\/ecole\/metiers-de-lindustrie\/","name":"M\u00e9tiers de l'industrie - Ecole","isPartOf":{"@id":"https:\/\/www.hall32.fr\/ecole\/#website"},"primaryImageOfPage":{"@id":"https:\/\/www.hall32.fr\/ecole\/metiers-de-lindustrie\/#primaryimage"},"image":{"@id":"https:\/\/www.hall32.fr\/ecole\/metiers-de-lindustrie\/#primaryimage"},"thumbnailUrl":"https:\/\/www.hall32.fr\/ecole\/wp-content\/uploads\/sites\/2\/2023\/07\/100DPI-Photos-site-750x639Plan-de-travail-4.jpg","datePublished":"2023-07-26T14:22:18+00:00","dateModified":"2023-07-26T14:22:19+00:00","breadcrumb":{"@id":"https:\/\/www.hall32.fr\/ecole\/metiers-de-lindustrie\/#breadcrumb"},"inLanguage":"fr-FR","potentialAction":[{"@type":"ReadAction","target":["https:\/\/www.hall32.fr\/ecole\/metiers-de-lindustrie\/"]}]},{"@type":"ImageObject","inLanguage":"fr-FR","@id":"https:\/\/www.hall32.fr\/ecole\/metiers-de-lindustrie\/#primaryimage","url":"https:\/\/www.hall32.fr\/ecole\/wp-content\/uploads\/sites\/2\/2023\/07\/100DPI-Photos-site-750x639Plan-de-travail-4.jpg","contentUrl":"https:\/\/www.hall32.fr\/ecole\/wp-content\/uploads\/sites\/2\/2023\/07\/100DPI-Photos-site-750x639Plan-de-travail-4.jpg","width":1042,"height":888,"caption":"Formation Bac Pro MSPC plateau technique alternance hall 32"},{"@type":"BreadcrumbList","@id":"https:\/\/www.hall32.fr\/ecole\/metiers-de-lindustrie\/#breadcrumb","itemListElement":[{"@type":"ListItem","position":1,"name":"Accueil","item":"https:\/\/www.hall32.fr\/ecole\/"},{"@type":"ListItem","position":2,"name":"M\u00e9tiers de l&#8217;industrie"}]},{"@type":"WebSite","@id":"https:\/\/www.hall32.fr\/ecole\/#website","url":"https:\/\/www.hall32.fr\/ecole\/","name":"Ecole","description":"","potentialAction":[{"@type":"SearchAction","target":{"@type":"EntryPoint","urlTemplate":"https:\/\/www.hall32.fr\/ecole\/?s={search_term_string}"},"query-input":{"@type":"PropertyValueSpecification","valueRequired":true,"valueName":"search_term_string"}}],"inLanguage":"fr-FR"}]}},"_links":{"self":[{"href":"https:\/\/www.hall32.fr\/ecole\/wp-json\/wp\/v2\/pages\/3520","targetHints":{"allow":["GET"]}}],"collection":[{"href":"https:\/\/www.hall32.fr\/ecole\/wp-json\/wp\/v2\/pages"}],"about":[{"href":"https:\/\/www.hall32.fr\/ecole\/wp-json\/wp\/v2\/types\/page"}],"author":[{"embeddable":true,"href":"https:\/\/www.hall32.fr\/ecole\/wp-json\/wp\/v2\/users\/11"}],"replies":[{"embeddable":true,"href":"https:\/\/www.hall32.fr\/ecole\/wp-json\/wp\/v2\/comments?post=3520"}],"version-history":[{"count":2,"href":"https:\/\/www.hall32.fr\/ecole\/wp-json\/wp\/v2\/pages\/3520\/revisions"}],"predecessor-version":[{"id":3637,"href":"https:\/\/www.hall32.fr\/ecole\/wp-json\/wp\/v2\/pages\/3520\/revisions\/3637"}],"wp:featuredmedia":[{"embeddable":true,"href":"https:\/\/www.hall32.fr\/ecole\/wp-json\/wp\/v2\/media\/3620"}],"wp:attachment":[{"href":"https:\/\/www.hall32.fr\/ecole\/wp-json\/wp\/v2\/media?parent=3520"}],"curies":[{"name":"wp","href":"https:\/\/api.w.org\/{rel}","templated":true}]}}